Last updated on 2024-05-02 23:52:01 CEST.
Flavor | Version | Tinstall | Tcheck | Ttotal | Status | Flags |
---|---|---|---|---|---|---|
r-devel-linux-x86_64-debian-clang | 1.66 | 86.82 | 437.43 | 524.25 | OK | |
r-devel-linux-x86_64-debian-gcc | 1.66 | 63.53 | 295.23 | 358.76 | OK | |
r-devel-linux-x86_64-fedora-clang | 1.66 | 628.15 | NOTE | |||
r-devel-linux-x86_64-fedora-gcc | 1.66 | 627.20 | OK | |||
r-devel-windows-x86_64 | 1.66 | 95.00 | 350.00 | 445.00 | NOTE | |
r-patched-linux-x86_64 | 1.66 | 97.07 | 412.98 | 510.05 | OK | |
r-release-linux-x86_64 | 1.66 | 86.35 | 414.18 | 500.53 | OK | |
r-release-macos-arm64 | 1.66 | 142.00 | NOTE | |||
r-release-windows-x86_64 | 1.66 | 96.00 | 347.00 | 443.00 | NOTE | |
r-oldrel-macos-arm64 | 1.66 | 154.00 | NOTE | |||
r-oldrel-macos-x86_64 | 1.66 | 505.00 | NOTE | |||
r-oldrel-windows-x86_64 | 1.66 | 106.00 | 414.00 | 520.00 | NOTE |
Version: 1.66
Check: installed package size
Result: NOTE
installed size is 10.6Mb
sub-directories of 1Mb or more:
R 1.7Mb
contrib 3.8Mb
doc 3.0Mb
Flavors: r-devel-linux-x86_64-fedora-clang, r-devel-windows-x86_64, r-release-macos-arm64, r-release-windows-x86_64, r-oldrel-macos-arm64, r-oldrel-macos-x86_64, r-oldrel-windows-x86_64