Last updated on 2025-07-04 12:49:09 CEST.
Flavor | Version | Tinstall | Tcheck | Ttotal | Status | Flags |
---|---|---|---|---|---|---|
r-devel-linux-x86_64-debian-clang | 0.2.3 | 4.57 | 51.21 | 55.78 | NOTE | |
r-devel-linux-x86_64-debian-gcc | 0.2.3 | 3.66 | 36.79 | 40.45 | NOTE | |
r-devel-linux-x86_64-fedora-clang | 0.2.3 | 86.38 | OK | |||
r-devel-linux-x86_64-fedora-gcc | 0.2.3 | 94.62 | OK | |||
r-devel-windows-x86_64 | 0.2.3 | 8.00 | 65.00 | 73.00 | OK | |
r-patched-linux-x86_64 | 0.2.3 | 4.37 | 46.49 | 50.86 | OK | |
r-release-linux-x86_64 | 0.2.3 | 4.91 | 46.92 | 51.83 | OK | |
r-release-macos-arm64 | 0.2.3 | 33.00 | OK | |||
r-release-macos-x86_64 | 0.2.3 | 60.00 | OK | |||
r-release-windows-x86_64 | 0.2.3 | 7.00 | 64.00 | 71.00 | OK | |
r-oldrel-macos-arm64 | 0.2.3 | 33.00 | OK | |||
r-oldrel-macos-x86_64 | 0.2.3 | 47.00 | OK | |||
r-oldrel-windows-x86_64 | 0.2.3 | 11.00 | 78.00 | 89.00 | OK |
Version: 0.2.3
Check: CRAN incoming feasibility
Result: NOTE
Maintainer: ‘David N Sousa <davidnsousa@gmail.com>’
Found the following (possibly) invalid file URI:
URI: .github/CONTRIBUTING.md
From: README.md
Flavors: r-devel-linux-x86_64-debian-clang, r-devel-linux-x86_64-debian-gcc