Last updated on 2024-05-13 09:50:55 CEST.
Flavor | Version | Tinstall | Tcheck | Ttotal | Status | Flags |
---|---|---|---|---|---|---|
r-devel-linux-x86_64-debian-clang | 1.1.1 | 92.61 | 119.23 | 211.84 | NOTE | |
r-devel-linux-x86_64-debian-gcc | 1.1.1 | 67.48 | 94.84 | 162.32 | NOTE | |
r-devel-linux-x86_64-fedora-clang | 1.1.1 | 289.20 | NOTE | |||
r-devel-linux-x86_64-fedora-gcc | 1.1.1 | 366.91 | NOTE | |||
r-devel-windows-x86_64 | 1.1.1 | 67.00 | 120.00 | 187.00 | NOTE | |
r-patched-linux-x86_64 | 1.1.1 | 79.76 | 123.84 | 203.60 | NOTE | |
r-release-linux-x86_64 | 1.1.1 | 81.50 | 123.13 | 204.63 | NOTE | |
r-release-macos-arm64 | 1.1.1 | 61.00 | NOTE | |||
r-release-macos-x86_64 | 1.1.1 | 121.00 | NOTE | |||
r-release-windows-x86_64 | 1.1.1 | 66.00 | 120.00 | 186.00 | NOTE | |
r-oldrel-macos-arm64 | 1.1.1 | 73.00 | NOTE | |||
r-oldrel-macos-x86_64 | 1.1.1 | 131.00 | NOTE | |||
r-oldrel-windows-x86_64 | 1.1.1 | 87.00 | 148.00 | 235.00 | NOTE |
Version: 1.1.1
Check: C++ specification
Result: NOTE
Specified C++11: please drop specification unless essential
Flavors: r-devel-linux-x86_64-debian-clang, r-devel-linux-x86_64-debian-gcc, r-devel-linux-x86_64-fedora-clang, r-devel-linux-x86_64-fedora-gcc, r-devel-windows-x86_64, r-patched-linux-x86_64, r-release-linux-x86_64, r-release-macos-arm64, r-release-macos-x86_64, r-release-windows-x86_64, r-oldrel-macos-arm64, r-oldrel-macos-x86_64, r-oldrel-windows-x86_64