Last updated on 2025-05-24 21:50:53 CEST.
Flavor | Version | Tinstall | Tcheck | Ttotal | Status | Flags |
---|---|---|---|---|---|---|
r-devel-linux-x86_64-debian-clang | 1.1.6 | 84.39 | 109.25 | 193.64 | OK | |
r-devel-linux-x86_64-debian-gcc | 1.1.6 | 60.39 | 72.42 | 132.81 | OK | |
r-devel-linux-x86_64-fedora-clang | 1.1.6 | 328.87 | OK | |||
r-devel-linux-x86_64-fedora-gcc | 1.1.6 | 356.30 | OK | |||
r-devel-windows-x86_64 | 1.1.6 | 95.00 | 157.00 | 252.00 | OK | |
r-patched-linux-x86_64 | 1.1.6 | 83.49 | 103.80 | 187.29 | OK | |
r-release-linux-x86_64 | 1.1.6 | 83.71 | 106.36 | 190.07 | OK | |
r-release-macos-arm64 | 1.1.6 | 80.00 | OK | |||
r-release-macos-x86_64 | 1.1.6 | 149.00 | OK | |||
r-release-windows-x86_64 | 1.1.6 | 92.00 | 141.00 | 233.00 | OK | |
r-oldrel-macos-arm64 | 1.1.6 | 74.00 | NOTE | |||
r-oldrel-macos-x86_64 | 1.1.6 | 134.00 | NOTE | |||
r-oldrel-windows-x86_64 | 1.1.6 | 114.00 | 176.00 | 290.00 | OK |
Version: 1.1.6
Check: installed package size
Result: NOTE
installed size is 5.8Mb
sub-directories of 1Mb or more:
libs 4.8Mb
Flavors: r-oldrel-macos-arm64, r-oldrel-macos-x86_64