Last updated on 2025-05-23 06:49:59 CEST.
Flavor | Version | Tinstall | Tcheck | Ttotal | Status | Flags |
---|---|---|---|---|---|---|
r-devel-linux-x86_64-debian-clang | 0.1.0 | 3.34 | 31.48 | 34.82 | OK | |
r-devel-linux-x86_64-debian-gcc | 0.1.0 | 2.41 | 24.62 | 27.03 | OK | |
r-devel-linux-x86_64-fedora-clang | 0.1.0 | 52.03 | OK | |||
r-devel-linux-x86_64-fedora-gcc | 0.1.0 | 51.65 | OK | |||
r-devel-windows-x86_64 | 0.1.0 | 5.00 | 55.00 | 60.00 | OK | |
r-patched-linux-x86_64 | 0.1.0 | 3.15 | 29.83 | 32.98 | OK | |
r-release-linux-x86_64 | 0.1.0 | 3.29 | 29.30 | 32.59 | OK | |
r-release-macos-arm64 | 0.1.0 | 21.00 | OK | |||
r-release-macos-x86_64 | 0.1.0 | 38.00 | OK | |||
r-release-windows-x86_64 | 0.1.0 | 5.00 | 84.00 | 89.00 | OK | |
r-oldrel-macos-arm64 | 0.1.0 | 22.00 | NOTE | |||
r-oldrel-macos-x86_64 | 0.1.0 | 32.00 | NOTE | |||
r-oldrel-windows-x86_64 | 0.1.0 | 6.00 | 60.00 | 66.00 | NOTE |
Version: 0.1.0
Check: LazyData
Result: NOTE
'LazyData' is specified without a 'data' directory
Flavors: r-oldrel-macos-arm64, r-oldrel-macos-x86_64, r-oldrel-windows-x86_64