Last updated on 2025-05-24 21:50:52 CEST.
Flavor | Version | Tinstall | Tcheck | Ttotal | Status | Flags |
---|---|---|---|---|---|---|
r-devel-linux-x86_64-debian-clang | 1.0.2 | 4.69 | 35.68 | 40.37 | NOTE | |
r-devel-linux-x86_64-debian-gcc | 1.0.2 | 3.44 | 27.19 | 30.63 | NOTE | |
r-devel-linux-x86_64-fedora-clang | 1.0.2 | 60.97 | NOTE | |||
r-devel-linux-x86_64-fedora-gcc | 1.0.2 | 58.98 | NOTE | |||
r-devel-windows-x86_64 | 1.0.2 | 7.00 | 59.00 | 66.00 | NOTE | |
r-patched-linux-x86_64 | 1.0.2 | 4.53 | 33.38 | 37.91 | NOTE | |
r-release-linux-x86_64 | 1.0.2 | 4.23 | 33.41 | 37.64 | NOTE | |
r-release-macos-arm64 | 1.0.2 | 38.00 | NOTE | |||
r-release-macos-x86_64 | 1.0.2 | 57.00 | NOTE | |||
r-release-windows-x86_64 | 1.0.2 | 6.00 | 57.00 | 63.00 | NOTE | |
r-oldrel-macos-arm64 | 1.0.2 | 31.00 | OK | |||
r-oldrel-macos-x86_64 | 1.0.2 | 59.00 | OK | |||
r-oldrel-windows-x86_64 | 1.0.2 | 7.00 | 65.00 | 72.00 | OK |
Version: 1.0.2
Check: DESCRIPTION meta-information
Result: NOTE
Missing dependency on R >= 4.1.0 because package code uses the pipe
|> or function shorthand \(...) syntax added in R 4.1.0.
File(s) using such syntax:
‘source_pmc.R’ ‘source_pubmed.R’ ‘source_pubtations.R’
Flavors: r-devel-linux-x86_64-debian-clang, r-devel-linux-x86_64-debian-gcc, r-devel-linux-x86_64-fedora-clang, r-devel-linux-x86_64-fedora-gcc, r-devel-windows-x86_64, r-patched-linux-x86_64, r-release-linux-x86_64, r-release-macos-arm64, r-release-macos-x86_64, r-release-windows-x86_64