Last updated on 2024-05-09 23:07:32 CEST.
Flavor | Version | Tinstall | Tcheck | Ttotal | Status | Flags |
---|---|---|---|---|---|---|
r-devel-linux-x86_64-fedora-clang | 0.2.7 | 156.06 | OK | |||
r-devel-linux-x86_64-fedora-gcc | 0.2.7 | 146.73 | OK | |||
r-release-macos-arm64 | 0.2.6 | 134.00 | NOTE | |||
r-release-macos-x86_64 | 0.2.7 | 154.00 | OK | |||
r-oldrel-macos-arm64 | 0.2.6 | 127.00 | OK | |||
r-oldrel-macos-x86_64 | 0.2.7 | 149.00 | OK |
Version: 0.2.6
Check: Rd files
Result: NOTE
checkRd: (-1) imutant.Rd:27: Lost braces in \itemize; \value handles \item{}{} directly
checkRd: (-1) imutant.Rd:28: Lost braces in \itemize; \value handles \item{}{} directly
checkRd: (-1) imutant.Rd:29: Lost braces in \itemize; \value handles \item{}{} directly
checkRd: (-1) imutant.Rd:30: Lost braces in \itemize; \value handles \item{}{} directly
checkRd: (-1) imutant.Rd:31: Lost braces in \itemize; \value handles \item{}{} directly
checkRd: (-1) imutant.Rd:32: Lost braces in \itemize; \value handles \item{}{} directly
checkRd: (-1) imutant.Rd:33: Lost braces in \itemize; \value handles \item{}{} directly
checkRd: (-1) ptm.plot.Rd:34: Lost braces in \itemize; meant \describe ?
checkRd: (-1) ptm.plot.Rd:35: Lost braces in \itemize; meant \describe ?
checkRd: (-1) ptm.plot.Rd:36: Lost braces in \itemize; meant \describe ?
checkRd: (-1) ptm.plot.Rd:37: Lost braces in \itemize; meant \describe ?
checkRd: (-1) ptm.plot.Rd:38: Lost braces in \itemize; meant \describe ?
checkRd: (-1) ptm.plot.Rd:39: Lost braces in \itemize; meant \describe ?
checkRd: (-1) ptm.plot.Rd:40: Lost braces in \itemize; meant \describe ?
checkRd: (-1) ptm.plot.Rd:41: Lost braces in \itemize; meant \describe ?
checkRd: (-1) ptm.plot.Rd:42: Lost braces in \itemize; meant \describe ?
checkRd: (-1) ptm.plot.Rd:43: Lost braces in \itemize; meant \describe ?
checkRd: (-1) ptm.plot.Rd:44: Lost braces in \itemize; meant \describe ?
checkRd: (-1) ptm.plot.Rd:45: Lost braces in \itemize; meant \describe ?
checkRd: (-1) ptm.plot.Rd:46: Lost braces in \itemize; meant \describe ?
checkRd: (-1) ptm.plot.Rd:47: Lost braces in \itemize; meant \describe ?
Flavor: r-release-macos-arm64