Last updated on 2025-05-27 22:52:23 CEST.
Flavor | Version | Tinstall | Tcheck | Ttotal | Status | Flags |
---|---|---|---|---|---|---|
r-devel-linux-x86_64-debian-clang | 0.16-1 | 6.18 | 454.16 | 460.34 | NOTE | |
r-devel-linux-x86_64-debian-gcc | 0.16-1 | 5.08 | 268.44 | 273.52 | NOTE | |
r-devel-linux-x86_64-fedora-clang | 0.16-1 | 742.41 | OK | |||
r-devel-linux-x86_64-fedora-gcc | 0.16-1 | 741.03 | OK | |||
r-devel-windows-x86_64 | 0.16-1 | 8.00 | 428.00 | 436.00 | NOTE | |
r-patched-linux-x86_64 | 0.16-1 | 8.30 | 443.26 | 451.56 | NOTE | |
r-release-linux-x86_64 | 0.16-1 | 7.55 | 434.98 | 442.53 | NOTE | |
r-release-macos-arm64 | 0.16-1 | 199.00 | OK | |||
r-release-macos-x86_64 | 0.16-1 | 553.00 | OK | |||
r-release-windows-x86_64 | 0.16-1 | 9.00 | 429.00 | 438.00 | NOTE | |
r-oldrel-macos-arm64 | 0.16-1 | 182.00 | OK | |||
r-oldrel-macos-x86_64 | 0.16-1 | 305.00 | OK | |||
r-oldrel-windows-x86_64 | 0.16-1 | 11.00 | 590.00 | 601.00 | OK |
Version: 0.16-1
Check: Rd cross-references
Result: NOTE
Found the following Rd file(s) with Rd \link{} targets missing package
anchors:
CEMSChoice.Rd: paircomp
EuropeanValuesStudy.Rd: paircomp
Topmodel2007.Rd: paircomp
Please provide package anchors for all Rd \link{} targets not in the
package itself and the base packages.
Flavors: r-devel-linux-x86_64-debian-clang, r-devel-linux-x86_64-debian-gcc, r-devel-windows-x86_64, r-patched-linux-x86_64, r-release-linux-x86_64, r-release-windows-x86_64