Last updated on 2025-07-04 20:49:22 CEST.
Flavor | Version | Tinstall | Tcheck | Ttotal | Status | Flags |
---|---|---|---|---|---|---|
r-devel-linux-x86_64-debian-clang | 2.1.2 | 31.15 | 91.45 | 122.60 | OK | |
r-devel-linux-x86_64-debian-gcc | 2.1.2 | 22.35 | 68.10 | 90.45 | OK | |
r-devel-linux-x86_64-fedora-clang | 2.1.2 | 209.56 | OK | |||
r-devel-linux-x86_64-fedora-gcc | 2.1.2 | 205.51 | OK | |||
r-devel-windows-x86_64 | 2.1.2 | 35.00 | 189.00 | 224.00 | OK | |
r-patched-linux-x86_64 | 2.1.2 | 33.58 | 87.46 | 121.04 | OK | |
r-release-linux-x86_64 | 2.1.2 | 31.58 | 86.70 | 118.28 | OK | |
r-release-macos-arm64 | 2.1.2 | 110.00 | OK | |||
r-release-macos-x86_64 | 2.1.2 | 164.00 | OK | |||
r-release-windows-x86_64 | 2.1.2 | 38.00 | 184.00 | 222.00 | OK | |
r-oldrel-macos-arm64 | 2.1.2 | 105.00 | NOTE | |||
r-oldrel-macos-x86_64 | 2.1.2 | 167.00 | NOTE | |||
r-oldrel-windows-x86_64 | 2.1.2 | 42.00 | 207.00 | 249.00 | OK |
Version: 2.1.2
Check: installed package size
Result: NOTE
installed size is 5.2Mb
sub-directories of 1Mb or more:
doc 1.6Mb
libs 3.0Mb
Flavors: r-oldrel-macos-arm64, r-oldrel-macos-x86_64