CRAN Package Check Results for Package promethee123

Last updated on 2025-05-25 05:48:53 CEST.

Flavor Version Tinstall Tcheck Ttotal Status Flags
r-devel-linux-x86_64-debian-clang 0.1.0 4.84 43.92 48.76 OK
r-devel-linux-x86_64-debian-gcc 0.1.0 3.29 31.94 35.23 OK
r-devel-linux-x86_64-fedora-clang 0.1.0 76.92 OK
r-devel-linux-x86_64-fedora-gcc 0.1.0 72.73 OK
r-devel-windows-x86_64 0.1.0 9.00 60.00 69.00 OK
r-patched-linux-x86_64 0.1.0 4.52 41.44 45.96 OK
r-release-linux-x86_64 0.1.0 4.84 41.22 46.06 OK
r-release-macos-arm64 0.1.0 25.00 OK
r-release-macos-x86_64 0.1.0 55.00 OK
r-release-windows-x86_64 0.1.0 6.00 58.00 64.00 OK
r-oldrel-macos-arm64 0.1.0 23.00 NOTE
r-oldrel-macos-x86_64 0.1.0 55.00 NOTE
r-oldrel-windows-x86_64 0.1.0 8.00 69.00 77.00 NOTE

Check Details

Version: 0.1.0
Check: LazyData
Result: NOTE 'LazyData' is specified without a 'data' directory Flavors: r-oldrel-macos-arm64, r-oldrel-macos-x86_64, r-oldrel-windows-x86_64