Last updated on 2024-05-13 11:56:44 CEST.
Flavor | Version | Tinstall | Tcheck | Ttotal | Status | Flags |
---|---|---|---|---|---|---|
r-devel-linux-x86_64-debian-clang | 0.6.1 | 3.45 | 35.73 | 39.18 | NOTE | |
r-devel-linux-x86_64-debian-gcc | 0.6.1 | 1.85 | 26.52 | 28.37 | NOTE | |
r-devel-linux-x86_64-fedora-clang | 0.6.1 | 48.47 | NOTE | |||
r-devel-linux-x86_64-fedora-gcc | 0.6.1 | 51.74 | NOTE | |||
r-devel-windows-x86_64 | 0.6.1 | 3.00 | 48.00 | 51.00 | NOTE | |
r-patched-linux-x86_64 | 0.6.1 | 2.84 | 35.77 | 38.61 | NOTE | |
r-release-linux-x86_64 | 0.6.1 | 3.63 | 34.15 | 37.78 | NOTE | |
r-release-macos-arm64 | 0.6.1 | 18.00 | NOTE | |||
r-release-windows-x86_64 | 0.6.1 | 4.00 | 48.00 | 52.00 | NOTE | |
r-oldrel-macos-arm64 | 0.6.1 | 21.00 | NOTE | |||
r-oldrel-macos-x86_64 | 0.6.1 | 26.00 | NOTE | |||
r-oldrel-windows-x86_64 | 0.6.1 | 4.00 | 51.00 | 55.00 | NOTE |
Version: 0.6.1
Check: Rd files
Result: NOTE
checkRd: (-1) plot.profileModel.Rd:69: Escaped LaTeX specials: \&
checkRd: (-1) profileModel.Rd:277: Escaped LaTeX specials: \&
Flavors: r-devel-linux-x86_64-debian-clang, r-devel-linux-x86_64-debian-gcc, r-devel-linux-x86_64-fedora-clang, r-devel-linux-x86_64-fedora-gcc, r-devel-windows-x86_64, r-patched-linux-x86_64, r-release-linux-x86_64, r-release-macos-arm64, r-release-windows-x86_64, r-oldrel-macos-arm64, r-oldrel-macos-x86_64, r-oldrel-windows-x86_64