Last updated on 2025-05-22 22:50:59 CEST.
Flavor | Version | Tinstall | Tcheck | Ttotal | Status | Flags |
---|---|---|---|---|---|---|
r-devel-linux-x86_64-debian-clang | 1.0.3 | 17.43 | 309.65 | 327.08 | OK | |
r-devel-linux-x86_64-debian-gcc | 1.1.0 | 13.39 | 226.17 | 239.56 | OK | |
r-devel-linux-x86_64-fedora-clang | 1.1.0 | 545.09 | OK | |||
r-devel-linux-x86_64-fedora-gcc | 1.1.0 | 544.99 | OK | |||
r-devel-windows-x86_64 | 1.1.0 | 16.00 | 304.00 | 320.00 | OK | |
r-patched-linux-x86_64 | 1.0.3 | 15.17 | 298.59 | 313.76 | OK | |
r-release-linux-x86_64 | 1.0.3 | 16.33 | 294.63 | 310.96 | OK | |
r-release-macos-arm64 | 1.1.0 | 97.00 | OK | |||
r-release-macos-x86_64 | 1.1.0 | 358.00 | ERROR | |||
r-release-windows-x86_64 | 1.0.3 | 18.00 | 291.00 | 309.00 | OK | |
r-oldrel-macos-arm64 | 1.1.0 | 145.00 | OK | |||
r-oldrel-macos-x86_64 | 1.1.0 | 217.00 | ERROR | |||
r-oldrel-windows-x86_64 | 1.0.3 | 24.00 | 387.00 | 411.00 | OK |
Version: 1.1.0
Check: whether package can be installed
Result: ERROR
Installation failed.
Flavor: r-release-macos-x86_64
Version: 1.1.0
Check: re-building of vignette outputs
Result: ERROR
Error(s) in re-building vignettes:
--- re-building ‘equivocal-zones.Rmd’ using rmarkdown
--- finished re-building ‘equivocal-zones.Rmd’
--- re-building ‘where-to-use.Rmd’ using rmarkdown
Quitting from where-to-use.Rmd:187-193 [unnamed-chunk-11]
~~~~~~~~~~~~~~~~~~~~~~~~~~~~~~~~~~~~~~~~~~~~~~~~~~~~~~~~~~~~~~~~~~~~~~~~~~~~~~~~
<error/rlang_error>
Error in `transform()`:
! Error writing to connection
---
Backtrace:
▆
1. └─tools:::.buildOneVignette(...)
2. ├─base::tryCatch(...)
3. │ └─base (local) tryCatchList(expr, classes, parentenv, handlers)
4. │ └─base (local) tryCatchOne(expr, names, parentenv, handlers[[1L]])
5. │ └─base (local) doTryCatch(return(expr), name, parentenv, handler)
6. └─engine$weave(file, quiet = quiet, encoding = enc)
7. └─knitr:::vweave_rmarkdown(...)
8. └─rmarkdown::render(...)
9. └─knitr::knit(knit_input, knit_output, envir = envir, quiet = quiet)
10. └─knitr:::process_file(text, output)
11. ├─xfun:::handle_error(...)
12. ├─base::withCallingHandlers(...)
13. └─knitr:::process_group(group)
14. └─knitr:::call_block(x)
15. └─knitr:::block_exec(params)
16. └─knitr:::eng_r(options)
17. ├─knitr:::in_input_dir(...)
18. │ └─knitr:::in_dir(input_dir(), expr)
19. └─knitr (local) evaluate(...)
20. └─evaluate::evaluate(...)
21. ├─base::withRestarts(...)
22. │ └─base (local) withRestartList(expr, restarts)
23. │ ├─base (local) withOneRestart(withRestartList(expr, restarts[-nr]), restarts[[nr]])
24. │ │ └─base (local) doWithOneRestart(return(expr), restart)
25. │ └─base (local) withRestartList(expr, restarts[-nr])
26. │ └─base (local) withOneRestart(expr, restarts[[1L]])
27. │ └─base (local) doWithOneRestart(return(expr), restart)
28. ├─evaluate:::with_handlers(...)
29. │ ├─base::eval(call)
30. │ │ └─base::eval(call)
31. │ └─base::withCallingHandlers(...)
32. └─watcher$print_value(ev$value, ev$visible, envir)
33. ├─base::withVisible(handle_value(handler, value, visible, envir))
34. └─evaluate:::handle_value(handler, value, visible, envir)
35. └─handler$value(value, visible)
36. └─knitr (local) fun(x, options = options)
37. ├─base::withVisible(knit_print(x, ...))
38. ├─knitr::knit_print(x, ...)
39. └─rmarkdown:::knit_print.data.frame(x, ...)
40. ├─context$df_print(x)
41. └─pillar:::print.tbl(x)
42. └─pillar:::print_tbl(...)
43. └─pillar:::format_tbl(...)
44. └─base::transform(tbl_format_body(x, setup))
~~~~~~~~~~~~~~~~~~~~~~~~~~~~~~~~~~~~~~~~~~~~~~~~~~~~~~~~~~~~~~~~~~~~~~~~~~~~~~~~
Error: processing vignette 'where-to-use.Rmd' failed with diagnostics:
Error writing to connection
--- failed re-building ‘where-to-use.Rmd’
SUMMARY: processing the following file failed:
‘where-to-use.Rmd’
Error: Vignette re-building failed.
Execution halted
Flavor: r-oldrel-macos-x86_64