Last updated on 2024-04-26 03:55:37 CEST.
Flavor | Version | Tinstall | Tcheck | Ttotal | Status | Flags |
---|---|---|---|---|---|---|
r-devel-linux-x86_64-debian-clang | 0.4.1 | 3.07 | 49.73 | 52.80 | NOTE | |
r-devel-linux-x86_64-debian-gcc | 0.4.1 | 2.53 | 38.13 | 40.66 | NOTE | |
r-devel-linux-x86_64-fedora-clang | 0.4.1 | 67.52 | NOTE | |||
r-devel-linux-x86_64-fedora-gcc | 0.4.1 | 77.74 | NOTE | |||
r-devel-windows-x86_64 | 0.4.1 | 4.00 | 64.00 | 68.00 | NOTE | |
r-patched-linux-x86_64 | 0.4.1 | 3.38 | 48.08 | 51.46 | NOTE | |
r-release-linux-x86_64 | 0.4.1 | 3.45 | 46.14 | 49.59 | NOTE | |
r-release-macos-arm64 | 0.4.1 | 34.00 | NOTE | |||
r-release-windows-x86_64 | 0.4.1 | 4.00 | 64.00 | 68.00 | NOTE | |
r-oldrel-macos-arm64 | 0.4.1 | 36.00 | NOTE | |||
r-oldrel-macos-x86_64 | 0.4.1 | 47.00 | NOTE | |||
r-oldrel-windows-x86_64 | 0.4.1 | 5.00 | 60.00 | 65.00 | NOTE |
Version: 0.4.1
Check: LazyData
Result: NOTE
'LazyData' is specified without a 'data' directory
Flavors: r-devel-linux-x86_64-debian-clang, r-devel-linux-x86_64-debian-gcc, r-devel-linux-x86_64-fedora-clang, r-devel-linux-x86_64-fedora-gcc, r-devel-windows-x86_64, r-patched-linux-x86_64, r-release-linux-x86_64, r-release-macos-arm64, r-release-windows-x86_64, r-oldrel-macos-arm64, r-oldrel-macos-x86_64, r-oldrel-windows-x86_64