Last updated on 2025-07-05 10:49:30 CEST.
Flavor | Version | Tinstall | Tcheck | Ttotal | Status | Flags |
---|---|---|---|---|---|---|
r-devel-linux-x86_64-debian-clang | 0.1-19 | 30.31 | 220.04 | 250.35 | OK | |
r-devel-linux-x86_64-debian-gcc | 0.1-19 | 20.49 | 137.47 | 157.96 | OK | |
r-devel-linux-x86_64-fedora-clang | 0.1-19 | 424.15 | OK | |||
r-devel-linux-x86_64-fedora-gcc | 0.1-19 | 379.18 | OK | |||
r-devel-windows-x86_64 | 0.1-19 | 27.00 | 177.00 | 204.00 | OK | |
r-patched-linux-x86_64 | 0.1-19 | 30.73 | 208.84 | 239.57 | OK | |
r-release-linux-x86_64 | 0.1-19 | 28.18 | 210.52 | 238.70 | OK | |
r-release-macos-arm64 | 0.1-19 | 113.00 | OK | |||
r-release-macos-x86_64 | 0.1-19 | 217.00 | OK | |||
r-release-windows-x86_64 | 0.1-19 | 29.00 | 174.00 | 203.00 | OK | |
r-oldrel-macos-arm64 | 0.1-19 | 103.00 | NOTE | |||
r-oldrel-macos-x86_64 | 0.1-19 | 201.00 | NOTE | |||
r-oldrel-windows-x86_64 | 0.1-19 | 40.00 | 245.00 | 285.00 | NOTE |
Version: 0.1-19
Check: installed package size
Result: NOTE
installed size is 5.9Mb
sub-directories of 1Mb or more:
R 4.5Mb
Flavors: r-oldrel-macos-arm64, r-oldrel-macos-x86_64, r-oldrel-windows-x86_64