Last updated on 2024-05-13 07:50:11 CEST.
Flavor | Version | Tinstall | Tcheck | Ttotal | Status | Flags |
---|---|---|---|---|---|---|
r-devel-linux-x86_64-debian-clang | 1.0 | 20.32 | 91.72 | 112.04 | OK | |
r-devel-linux-x86_64-debian-gcc | 1.0 | 11.12 | 67.44 | 78.56 | OK | |
r-devel-linux-x86_64-fedora-clang | 1.0 | 130.75 | NOTE | |||
r-devel-linux-x86_64-fedora-gcc | 1.0 | 172.96 | OK | |||
r-devel-windows-x86_64 | 1.0 | 20.00 | 81.00 | 101.00 | NOTE | |
r-patched-linux-x86_64 | 1.0 | 17.49 | 85.16 | 102.65 | OK | |
r-release-linux-x86_64 | 1.0 | 20.96 | 85.95 | 106.91 | OK | |
r-release-macos-arm64 | 1.0 | 42.00 | NOTE | |||
r-release-windows-x86_64 | 1.0 | 21.00 | 81.00 | 102.00 | NOTE | |
r-oldrel-macos-arm64 | 1.0 | 44.00 | NOTE | |||
r-oldrel-macos-x86_64 | 1.0 | 71.00 | NOTE | |||
r-oldrel-windows-x86_64 | 1.0 | 25.00 | 95.00 | 120.00 | NOTE |
Version: 1.0
Check: installed package size
Result: NOTE
installed size is 13.4Mb
sub-directories of 1Mb or more:
data 1.1Mb
extdata 11.6Mb
Flavors: r-devel-linux-x86_64-fedora-clang, r-devel-windows-x86_64, r-release-macos-arm64, r-release-windows-x86_64, r-oldrel-macos-arm64, r-oldrel-macos-x86_64, r-oldrel-windows-x86_64