Last updated on 2025-05-22 18:52:14 CEST.
Flavor | Version | Tinstall | Tcheck | Ttotal | Status | Flags |
---|---|---|---|---|---|---|
r-devel-linux-x86_64-debian-clang | 0.4.3 | 3.49 | 238.88 | 242.37 | NOTE | |
r-devel-linux-x86_64-debian-gcc | 0.4.3 | 2.67 | 174.83 | 177.50 | NOTE | |
r-devel-linux-x86_64-fedora-clang | 0.4.3 | 391.70 | OK | |||
r-devel-linux-x86_64-fedora-gcc | 0.4.3 | 383.97 | OK | |||
r-devel-windows-x86_64 | 0.4.3 | 33.00 | 590.00 | 623.00 | OK | |
r-patched-linux-x86_64 | 0.4.3 | 4.32 | 230.99 | 235.31 | OK | |
r-release-linux-x86_64 | 0.4.3 | 3.77 | 230.81 | 234.58 | OK | |
r-release-macos-arm64 | 0.4.3 | 120.00 | OK | |||
r-release-macos-x86_64 | 0.4.3 | 229.00 | OK | |||
r-release-windows-x86_64 | 0.4.3 | 34.00 | 707.00 | 741.00 | OK | |
r-oldrel-macos-arm64 | 0.4.3 | 105.00 | OK | |||
r-oldrel-macos-x86_64 | 0.4.3 | 297.00 | OK | |||
r-oldrel-windows-x86_64 | 0.4.3 | 18.00 | 310.00 | 328.00 | OK |
Version: 0.4.3
Check: CRAN incoming feasibility
Result: NOTE
Maintainer: ‘Lorenz Walthert <lorenz.walthert@icloud.com>’
No Authors@R field in DESCRIPTION.
Please add one, modifying
Authors@R: person(given = "Lorenz",
family = "Walthert",
role = c("aut", "cre"),
email = "lorenz.walthert@icloud.com")
as necessary.
Flavors: r-devel-linux-x86_64-debian-clang, r-devel-linux-x86_64-debian-gcc