CRAN Package Check Results for Package ppcor

Last updated on 2025-11-23 18:49:39 CET.

Flavor Version Tinstall Tcheck Ttotal Status Flags
r-devel-linux-x86_64-debian-clang 1.1 1.81 21.27 23.08 NOTE
r-devel-linux-x86_64-debian-gcc 1.1 1.44 17.64 19.08 NOTE
r-devel-linux-x86_64-fedora-clang 1.1 33.18 OK
r-devel-linux-x86_64-fedora-gcc 1.1 31.82 OK
r-devel-windows-x86_64 1.1 4.00 40.00 44.00 OK
r-patched-linux-x86_64 1.1 1.80 19.94 21.74 OK
r-release-linux-x86_64 1.1 1.76 20.07 21.83 OK
r-release-macos-arm64 1.1 OK
r-release-macos-x86_64 1.1 2.00 29.00 31.00 OK
r-release-windows-x86_64 1.1 4.00 58.00 62.00 OK
r-oldrel-macos-arm64 1.1 OK
r-oldrel-macos-x86_64 1.1 2.00 27.00 29.00 OK
r-oldrel-windows-x86_64 1.1 3.00 44.00 47.00 OK

Check Details

Version: 1.1
Check: CRAN incoming feasibility
Result: NOTE Maintainer: ‘Seongho Kim <biostatistician.kim@gmail.com>’ No Authors@R field in DESCRIPTION. Please add one, modifying Authors@R: person(given = "Seongho", family = "Kim", role = c("aut", "cre"), email = "biostatistician.kim@gmail.com") as necessary. Flavors: r-devel-linux-x86_64-debian-clang, r-devel-linux-x86_64-debian-gcc