Last updated on 2024-05-02 23:52:00 CEST.
Flavor | Version | Tinstall | Tcheck | Ttotal | Status | Flags |
---|---|---|---|---|---|---|
r-devel-linux-x86_64-debian-clang | 0.1 | 5.32 | 54.06 | 59.38 | NOTE | |
r-devel-linux-x86_64-debian-gcc | 0.1 | 3.11 | 38.73 | 41.84 | NOTE | |
r-devel-linux-x86_64-fedora-clang | 0.1 | 69.75 | NOTE | |||
r-devel-linux-x86_64-fedora-gcc | 0.1 | 67.11 | NOTE | |||
r-devel-windows-x86_64 | 0.1 | 5.00 | 57.00 | 62.00 | NOTE | |
r-patched-linux-x86_64 | 0.1 | 4.40 | 51.16 | 55.56 | NOTE | |
r-release-linux-x86_64 | 0.1 | 3.27 | 49.79 | 53.06 | NOTE | |
r-release-macos-arm64 | 0.1 | 23.00 | NOTE | |||
r-release-windows-x86_64 | 0.1 | 6.00 | 60.00 | 66.00 | NOTE | |
r-oldrel-macos-arm64 | 0.1 | 24.00 | NOTE | |||
r-oldrel-macos-x86_64 | 0.1 | 37.00 | NOTE | |||
r-oldrel-windows-x86_64 | 0.1 | 6.00 | 63.00 | 69.00 | NOTE |
Version: 0.1
Check: LazyData
Result: NOTE
'LazyData' is specified without a 'data' directory
Flavors: r-devel-linux-x86_64-debian-clang, r-devel-linux-x86_64-debian-gcc, r-devel-linux-x86_64-fedora-clang, r-devel-linux-x86_64-fedora-gcc, r-devel-windows-x86_64, r-patched-linux-x86_64, r-release-linux-x86_64, r-release-macos-arm64, r-release-windows-x86_64, r-oldrel-macos-arm64, r-oldrel-macos-x86_64, r-oldrel-windows-x86_64