Last updated on 2025-10-31 20:48:47 CET.
| Flavor | Version | Tinstall | Tcheck | Ttotal | Status | Flags | 
|---|---|---|---|---|---|---|
| r-devel-linux-x86_64-debian-clang | 1.0.0 | 11.83 | 91.38 | 103.21 | NOTE | |
| r-devel-linux-x86_64-debian-gcc | 1.0.0 | 8.48 | 67.31 | 75.79 | NOTE | |
| r-devel-linux-x86_64-fedora-clang | 1.0.0 | 29.00 | 131.39 | 160.39 | OK | |
| r-devel-linux-x86_64-fedora-gcc | 1.0.0 | 73.00 | 91.29 | 164.29 | OK | |
| r-devel-windows-x86_64 | 1.0.0 | 11.00 | 92.00 | 103.00 | OK | |
| r-patched-linux-x86_64 | 1.0.0 | 10.75 | 86.49 | 97.24 | OK | |
| r-release-linux-x86_64 | 1.0.0 | 9.99 | 86.78 | 96.77 | OK | |
| r-release-macos-arm64 | 1.0.0 | 5.00 | 41.00 | 46.00 | OK | |
| r-release-macos-x86_64 | 1.0.0 | 9.00 | 62.00 | 71.00 | OK | |
| r-release-windows-x86_64 | 1.0.0 | 14.00 | 110.00 | 124.00 | OK | |
| r-oldrel-macos-arm64 | 1.0.0 | 4.00 | 37.00 | 41.00 | NOTE | |
| r-oldrel-macos-x86_64 | 1.0.0 | 7.00 | 62.00 | 69.00 | NOTE | |
| r-oldrel-windows-x86_64 | 1.0.0 | 17.00 | 120.00 | 137.00 | NOTE | 
Version: 1.0.0
Check: CRAN incoming feasibility
Result: NOTE
  Maintainer: ‘Stefano Nembrini <stefanonembrini@gmail.com>’
  
  No Authors@R field in DESCRIPTION.
  Please add one, modifying
    Authors@R: person(given = "Stefano",
                      family = "Nembrini",
                      role = c("aut", "cre"),
                      email = "stefanonembrini@gmail.com")
  as necessary.
Flavors: r-devel-linux-x86_64-debian-clang, r-devel-linux-x86_64-debian-gcc
Version: 1.0.0
Check: LazyData
Result: NOTE
    'LazyData' is specified without a 'data' directory
Flavors: r-oldrel-macos-arm64, r-oldrel-macos-x86_64, r-oldrel-windows-x86_64