Last updated on 2025-05-24 02:51:38 CEST.
Flavor | Version | Tinstall | Tcheck | Ttotal | Status | Flags |
---|---|---|---|---|---|---|
r-devel-linux-x86_64-debian-clang | 1.0.1 | 13.03 | 112.48 | 125.51 | NOTE | |
r-devel-linux-x86_64-debian-gcc | 1.0.1 | 9.06 | 82.87 | 91.93 | NOTE | |
r-devel-linux-x86_64-fedora-clang | 1.0.1 | 198.81 | OK | |||
r-devel-linux-x86_64-fedora-gcc | 1.0.1 | 185.38 | OK | |||
r-devel-windows-x86_64 | 1.0.1 | 17.00 | 118.00 | 135.00 | OK | |
r-patched-linux-x86_64 | 1.0.1 | 12.82 | 107.27 | 120.09 | OK | |
r-release-linux-x86_64 | 1.0.1 | 12.45 | 107.96 | 120.41 | OK | |
r-release-macos-arm64 | 1.0.1 | 52.00 | OK | |||
r-release-macos-x86_64 | 1.0.1 | 105.00 | OK | |||
r-release-windows-x86_64 | 1.0.1 | 15.00 | 123.00 | 138.00 | OK | |
r-oldrel-macos-arm64 | 1.0.1 | 70.00 | NOTE | |||
r-oldrel-macos-x86_64 | 1.0.1 | 102.00 | NOTE | |||
r-oldrel-windows-x86_64 | 1.0.1 | 21.00 | 143.00 | 164.00 | NOTE |
Version: 1.0.1
Check: CRAN incoming feasibility
Result: NOTE
Maintainer: ‘Liam Kendall <liam.k.kendall@gmail.com>’
Package CITATION file contains call(s) to old-style personList() or
as.personList(). Please use c() on person objects instead.
Package CITATION file contains call(s) to old-style citEntry(). Please
use bibentry() instead.
Found the following (possibly) invalid file URI:
URI: T.B.C.
From: inst/CITATION
Flavors: r-devel-linux-x86_64-debian-clang, r-devel-linux-x86_64-debian-gcc
Version: 1.0.1
Check: package dependencies
Result: NOTE
Package suggested but not available for checking: ‘pollimetrydata’
Flavors: r-oldrel-macos-arm64, r-oldrel-macos-x86_64, r-oldrel-windows-x86_64