Last updated on 2024-05-05 22:53:21 CEST.
Flavor | Version | Tinstall | Tcheck | Ttotal | Status | Flags |
---|---|---|---|---|---|---|
r-devel-linux-x86_64-debian-clang | 0.9.11 | 7.59 | 78.03 | 85.62 | OK | |
r-devel-linux-x86_64-debian-gcc | 0.9.11 | 7.61 | 55.77 | 63.38 | OK | |
r-devel-linux-x86_64-fedora-clang | 0.9.11 | 106.22 | NOTE | |||
r-devel-linux-x86_64-fedora-gcc | 0.9.11 | 111.00 | OK | |||
r-devel-windows-x86_64 | 0.9.11 | 10.00 | 74.00 | 84.00 | OK | |
r-patched-linux-x86_64 | 0.9.11 | 10.84 | 72.70 | 83.54 | OK | |
r-release-linux-x86_64 | 0.9.11 | 11.52 | 74.33 | 85.85 | OK | |
r-release-macos-arm64 | 0.9.11 | 32.00 | NOTE | |||
r-release-macos-x86_64 | 0.9.11 | 82.00 | NOTE | |||
r-release-windows-x86_64 | 0.9.11 | 10.00 | 82.00 | 92.00 | OK | |
r-oldrel-macos-arm64 | 0.9.11 | 36.00 | NOTE | |||
r-oldrel-macos-x86_64 | 0.9.11 | 64.00 | NOTE | |||
r-oldrel-windows-x86_64 | 0.9.11 | 11.00 | 83.00 | 94.00 | OK |
Version: 0.9.11
Check: Rd cross-references
Result: NOTE
Undeclared package ‘MSQC’ in Rd xrefs
Flavor: r-devel-linux-x86_64-fedora-clang
Version: 0.9.11
Check: package dependencies
Result: NOTE
Package suggested but not available for checking: ‘Rmpi’
Flavors: r-release-macos-arm64, r-release-macos-x86_64, r-oldrel-macos-arm64, r-oldrel-macos-x86_64