Last updated on 2025-10-31 18:51:14 CET.
| Flavor | Version | Tinstall | Tcheck | Ttotal | Status | Flags | 
|---|---|---|---|---|---|---|
| r-devel-linux-x86_64-debian-clang | 1.6.0 | 30.35 | 214.99 | 245.34 | NOTE | |
| r-devel-linux-x86_64-debian-gcc | 1.6.0 | 18.76 | 139.33 | 158.09 | NOTE | |
| r-devel-linux-x86_64-fedora-clang | 1.6.0 | 66.00 | 321.08 | 387.08 | NOTE | |
| r-devel-linux-x86_64-fedora-gcc | 1.6.0 | 137.00 | 272.14 | 409.14 | NOTE | |
| r-devel-windows-x86_64 | 1.6.0 | 31.00 | 209.00 | 240.00 | OK | |
| r-patched-linux-x86_64 | 1.6.0 | 33.80 | 202.48 | 236.28 | OK | |
| r-release-linux-x86_64 | 1.6.0 | 28.02 | 200.65 | 228.67 | OK | |
| r-release-macos-arm64 | 1.6.0 | 13.00 | 79.00 | 92.00 | OK | |
| r-release-macos-x86_64 | 1.6.0 | 30.00 | 178.00 | 208.00 | OK | |
| r-release-windows-x86_64 | 1.6.0 | 30.00 | 209.00 | 239.00 | OK | |
| r-oldrel-macos-arm64 | 1.6.0 | 12.00 | 80.00 | 92.00 | OK | |
| r-oldrel-macos-x86_64 | 1.6.0 | 33.00 | 194.00 | 227.00 | OK | |
| r-oldrel-windows-x86_64 | 1.6.0 | 42.00 | 277.00 | 319.00 | OK | 
Version: 1.6.0
Check: Rd files
Result: NOTE
  checkRd: (-1) simul_data_YX.Rd:32-33: Only 3 columns allowed in this table (row 1 has 2)
  checkRd: (-1) simul_data_YX.Rd:32-33: Only 3 columns allowed in this table (row 2 has 2)
  checkRd: (-1) simul_data_YX.Rd:32-33: Only 3 columns allowed in this table (row 3 has 2)
  checkRd: (-1) simul_data_YX.Rd:32-33: Only 3 columns allowed in this table (row 4 has 2)
Flavors: r-devel-linux-x86_64-debian-clang, r-devel-linux-x86_64-debian-gcc, r-devel-linux-x86_64-fedora-clang, r-devel-linux-x86_64-fedora-gcc