Last updated on 2025-10-24 20:53:16 CEST.
| Flavor | Version | Tinstall | Tcheck | Ttotal | Status | Flags |
|---|---|---|---|---|---|---|
| r-devel-linux-x86_64-debian-clang | 0.2.2 | 1.20 | 44.89 | 46.09 | OK | |
| r-devel-linux-x86_64-debian-gcc | 0.2.2 | 1.42 | 33.47 | 34.89 | OK | |
| r-devel-linux-x86_64-fedora-clang | 0.2.2 | 71.13 | OK | |||
| r-devel-linux-x86_64-fedora-gcc | 0.2.2 | 67.51 | OK | |||
| r-devel-windows-x86_64 | 0.2.2 | 4.00 | 64.00 | 68.00 | OK | |
| r-patched-linux-x86_64 | 0.2.2 | 1.82 | 42.53 | 44.35 | OK | |
| r-release-linux-x86_64 | 0.2.2 | 1.53 | 42.28 | 43.81 | OK | |
| r-release-macos-arm64 | 0.2.2 | 1.00 | 23.00 | 24.00 | OK | |
| r-release-macos-x86_64 | 0.2.2 | 2.00 | 34.00 | 36.00 | OK | |
| r-release-windows-x86_64 | 0.2.2 | 4.00 | 64.00 | 68.00 | OK | |
| r-oldrel-macos-arm64 | 0.2.2 | 1.00 | 24.00 | 25.00 | NOTE | |
| r-oldrel-macos-x86_64 | 0.2.2 | 1.00 | 30.00 | 31.00 | NOTE | |
| r-oldrel-windows-x86_64 | 0.2.2 | 4.00 | 77.00 | 81.00 | NOTE |
Version: 0.2.2
Check: LazyData
Result: NOTE
'LazyData' is specified without a 'data' directory
Flavors: r-oldrel-macos-arm64, r-oldrel-macos-x86_64, r-oldrel-windows-x86_64