Last updated on 2025-05-29 22:51:14 CEST.
Flavor | Version | Tinstall | Tcheck | Ttotal | Status | Flags |
---|---|---|---|---|---|---|
r-devel-linux-x86_64-debian-clang | 0.2.1 | 4.00 | 238.70 | 242.70 | NOTE | |
r-devel-linux-x86_64-debian-gcc | 0.2.1 | 2.40 | 157.60 | 160.00 | NOTE | |
r-devel-linux-x86_64-fedora-clang | 0.2.1 | 371.15 | OK | |||
r-devel-linux-x86_64-fedora-gcc | 0.2.1 | 394.48 | OK | |||
r-devel-windows-x86_64 | 0.2.1 | 5.00 | 299.00 | 304.00 | OK | |
r-patched-linux-x86_64 | 0.2.1 | 4.20 | 230.43 | 234.63 | OK | |
r-release-linux-x86_64 | 0.2.1 | 3.78 | 225.77 | 229.55 | OK | |
r-release-macos-arm64 | 0.2.1 | 121.00 | OK | |||
r-release-macos-x86_64 | 0.2.1 | 297.00 | OK | |||
r-release-windows-x86_64 | 0.2.1 | 7.00 | 303.00 | 310.00 | OK | |
r-oldrel-macos-arm64 | 0.2.1 | 112.00 | OK | |||
r-oldrel-macos-x86_64 | 0.2.1 | 225.00 | OK | |||
r-oldrel-windows-x86_64 | 0.2.1 | 7.00 | 385.00 | 392.00 | OK |
Version: 0.2.1
Check: CRAN incoming feasibility
Result: NOTE
Maintainer: ‘Carolyn J. Anderson <cja@illinois.edu>’
No Authors@R field in DESCRIPTION.
Please add one, modifying
Authors@R: person(given = c("Carolyn", "J."),
family = "Anderson",
role = c("aut", "cre"),
email = "cja@illinois.edu")
as necessary.
Flavors: r-devel-linux-x86_64-debian-clang, r-devel-linux-x86_64-debian-gcc