Last updated on 2024-05-11 14:48:19 CEST.
Flavor | Version | Tinstall | Tcheck | Ttotal | Status | Flags |
---|---|---|---|---|---|---|
r-devel-linux-x86_64-debian-clang | 0.1.0 | 2.00 | 28.62 | 30.62 | OK | |
r-devel-linux-x86_64-debian-gcc | 0.1.0 | 1.94 | 22.21 | 24.15 | OK | |
r-devel-linux-x86_64-fedora-clang | 0.1.0 | 40.95 | NOTE | |||
r-devel-linux-x86_64-fedora-gcc | 0.1.0 | 56.88 | NOTE | |||
r-devel-windows-x86_64 | 0.1.0 | 3.00 | 46.00 | 49.00 | OK | |
r-patched-linux-x86_64 | 0.1.0 | 2.63 | 28.43 | 31.06 | OK | |
r-release-linux-x86_64 | 0.1.0 | 2.66 | 28.09 | 30.75 | OK | |
r-release-macos-arm64 | 0.1.0 | 22.00 | OK | |||
r-release-windows-x86_64 | 0.1.0 | 3.00 | 45.00 | 48.00 | OK | |
r-oldrel-macos-arm64 | 0.1.0 | 29.00 | OK | |||
r-oldrel-macos-x86_64 | 0.1.0 | 47.00 | OK | |||
r-oldrel-windows-x86_64 | 0.1.0 | 4.00 | 42.00 | 46.00 | OK |
Version: 0.1.0
Check: data for non-ASCII characters
Result: NOTE
Note: found 4 marked UTF-8 strings
Flavors: r-devel-linux-x86_64-fedora-clang, r-devel-linux-x86_64-fedora-gcc