Last updated on 2024-05-13 09:50:53 CEST.
Flavor | Version | Tinstall | Tcheck | Ttotal | Status | Flags |
---|---|---|---|---|---|---|
r-devel-linux-x86_64-debian-clang | 1.6 | 6.24 | 75.22 | 81.46 | NOTE | |
r-devel-linux-x86_64-debian-gcc | 1.6 | 6.36 | 54.88 | 61.24 | NOTE | |
r-devel-linux-x86_64-fedora-clang | 1.6 | 102.83 | NOTE | |||
r-devel-linux-x86_64-fedora-gcc | 1.6 | 153.04 | NOTE | |||
r-devel-windows-x86_64 | 1.6 | 8.00 | 69.00 | 77.00 | NOTE | |
r-patched-linux-x86_64 | 1.6 | 5.98 | 69.29 | 75.27 | NOTE | |
r-release-linux-x86_64 | 1.6 | 8.09 | 69.86 | 77.95 | NOTE | |
r-release-macos-arm64 | 1.6 | 32.00 | NOTE | |||
r-release-windows-x86_64 | 1.6 | 8.00 | 70.00 | 78.00 | NOTE | |
r-oldrel-macos-arm64 | 1.6 | 34.00 | NOTE | |||
r-oldrel-macos-x86_64 | 1.6 | 57.00 | NOTE | |||
r-oldrel-windows-x86_64 | 1.6 | 10.00 | 79.00 | 89.00 | NOTE |
Version: 1.6
Check: LazyData
Result: NOTE
'LazyData' is specified without a 'data' directory
Flavors: r-devel-linux-x86_64-debian-clang, r-devel-linux-x86_64-debian-gcc, r-devel-linux-x86_64-fedora-clang, r-devel-linux-x86_64-fedora-gcc, r-devel-windows-x86_64, r-patched-linux-x86_64, r-release-linux-x86_64, r-release-macos-arm64, r-release-windows-x86_64, r-oldrel-macos-arm64, r-oldrel-macos-x86_64, r-oldrel-windows-x86_64