Last updated on 2024-05-04 15:48:08 CEST.
Flavor | Version | Tinstall | Tcheck | Ttotal | Status | Flags |
---|---|---|---|---|---|---|
r-devel-linux-x86_64-debian-clang | 0.2-3 | 9.29 | 79.58 | 88.87 | NOTE | |
r-devel-linux-x86_64-debian-gcc | 0.2-3 | 5.73 | 57.97 | 63.70 | NOTE | |
r-devel-linux-x86_64-fedora-clang | 0.2-3 | 111.01 | NOTE | |||
r-devel-linux-x86_64-fedora-gcc | 0.2-3 | 107.40 | NOTE | |||
r-devel-windows-x86_64 | 0.2-3 | 10.00 | 73.00 | 83.00 | NOTE | |
r-patched-linux-x86_64 | 0.2-3 | 8.82 | 75.35 | 84.17 | NOTE | |
r-release-linux-x86_64 | 0.2-3 | 8.46 | 76.47 | 84.93 | NOTE | |
r-release-macos-arm64 | 0.2-3 | 34.00 | NOTE | |||
r-release-windows-x86_64 | 0.2-3 | 10.00 | 72.00 | 82.00 | NOTE | |
r-oldrel-macos-arm64 | 0.2-3 | 34.00 | NOTE | |||
r-oldrel-macos-x86_64 | 0.2-3 | 58.00 | NOTE | |||
r-oldrel-windows-x86_64 | 0.2-3 | 12.00 | 84.00 | 96.00 | NOTE |
Version: 0.2-3
Check: Rd files
Result: NOTE
checkRd: (-1) PatentsRD.Rd:4: Escaped LaTeX specials: \&
checkRd: (-1) PatentsRD.Rd:30: Escaped LaTeX specials: \&
checkRd: (-1) PatentsRDUS.Rd:4: Escaped LaTeX specials: \&
Flavors: r-devel-linux-x86_64-debian-clang, r-devel-linux-x86_64-debian-gcc, r-devel-linux-x86_64-fedora-clang, r-devel-linux-x86_64-fedora-gcc, r-devel-windows-x86_64, r-patched-linux-x86_64, r-release-linux-x86_64, r-release-macos-arm64, r-release-windows-x86_64, r-oldrel-macos-arm64, r-oldrel-macos-x86_64, r-oldrel-windows-x86_64