Last updated on 2024-05-09 21:53:09 CEST.
Flavor | Version | Tinstall | Tcheck | Ttotal | Status | Flags |
---|---|---|---|---|---|---|
r-devel-linux-x86_64-debian-clang | 1.0.2 | 184.32 | 86.26 | 270.58 | NOTE | |
r-devel-linux-x86_64-debian-gcc | 1.0.2 | 141.27 | 75.95 | 217.22 | NOTE | |
r-devel-linux-x86_64-fedora-clang | 1.0.2 | 387.98 | NOTE | |||
r-devel-linux-x86_64-fedora-gcc | 1.0.2 | 461.92 | NOTE | |||
r-devel-windows-x86_64 | 1.0.2 | 138.00 | 102.00 | 240.00 | NOTE | |
r-patched-linux-x86_64 | 1.0.2 | 181.27 | 91.74 | 273.01 | NOTE | |
r-release-linux-x86_64 | 1.0.2 | 171.59 | 92.41 | 264.00 | NOTE | |
r-release-macos-arm64 | 1.0.2 | 76.00 | NOTE | |||
r-release-windows-x86_64 | 1.0.2 | 138.00 | 100.00 | 238.00 | NOTE | |
r-oldrel-macos-arm64 | 1.0.2 | 91.00 | NOTE | |||
r-oldrel-macos-x86_64 | 1.0.2 | 151.00 | NOTE | |||
r-oldrel-windows-x86_64 | 1.0.2 | 166.00 | 130.00 | 296.00 | NOTE |
Version: 1.0.2
Check: C++ specification
Result: NOTE
Specified C++11: please drop specification unless essential
Flavors: r-devel-linux-x86_64-debian-clang, r-devel-linux-x86_64-debian-gcc, r-devel-linux-x86_64-fedora-clang, r-devel-linux-x86_64-fedora-gcc, r-devel-windows-x86_64, r-patched-linux-x86_64, r-release-linux-x86_64, r-release-macos-arm64, r-release-windows-x86_64, r-oldrel-macos-arm64, r-oldrel-macos-x86_64, r-oldrel-windows-x86_64
Version: 1.0.2
Check: installed package size
Result: NOTE
installed size is 5.9Mb
sub-directories of 1Mb or more:
libs 5.7Mb
Flavors: r-release-macos-arm64, r-oldrel-macos-arm64, r-oldrel-macos-x86_64