CRAN Package Check Results for Package palm

Last updated on 2025-05-25 02:50:14 CEST.

Flavor Version Tinstall Tcheck Ttotal Status Flags
r-devel-linux-x86_64-debian-clang 1.1.5 21.55 55.21 76.76 NOTE
r-devel-linux-x86_64-debian-gcc 1.1.5 15.51 37.93 53.44 NOTE
r-devel-linux-x86_64-fedora-clang 1.1.5 131.19 OK
r-devel-linux-x86_64-fedora-gcc 1.1.5 123.38 OK
r-devel-windows-x86_64 1.1.5 28.00 138.00 166.00 NOTE
r-patched-linux-x86_64 1.1.5 21.26 58.26 79.52 NOTE
r-release-linux-x86_64 1.1.5 18.97 57.88 76.85 NOTE
r-release-macos-arm64 1.1.5 37.00 OK
r-release-macos-x86_64 1.1.5 58.00 OK
r-release-windows-x86_64 1.1.5 28.00 102.00 130.00 NOTE
r-oldrel-macos-arm64 1.1.5 34.00 OK
r-oldrel-macos-x86_64 1.1.5 45.00 OK
r-oldrel-windows-x86_64 1.1.5 32.00 119.00 151.00 OK

Check Details

Version: 1.1.5
Check: CRAN incoming feasibility
Result: NOTE Maintainer: ‘Ben Stevenson <ben.stevenson@auckland.ac.nz>’ No Authors@R field in DESCRIPTION. Please add one, modifying Authors@R: person(given = "Ben", family = "Stevenson", role = c("aut", "cre"), email = "ben.stevenson@auckland.ac.nz") as necessary. Flavors: r-devel-linux-x86_64-debian-clang, r-devel-linux-x86_64-debian-gcc

Version: 1.1.5
Check: Rd cross-references
Result: NOTE Found the following Rd file(s) with Rd \link{} targets missing package anchors: confint.palm.Rd: boot fit.ns.Rd: bobyqa fit.void.Rd: bobyqa Please provide package anchors for all Rd \link{} targets not in the package itself and the base packages. Flavors: r-devel-linux-x86_64-debian-clang, r-devel-linux-x86_64-debian-gcc, r-devel-windows-x86_64, r-patched-linux-x86_64, r-release-linux-x86_64, r-release-windows-x86_64