Last updated on 2024-05-09 21:53:08 CEST.
Flavor | Version | Tinstall | Tcheck | Ttotal | Status | Flags |
---|---|---|---|---|---|---|
r-devel-linux-x86_64-debian-clang | 0.5.1 | 3.65 | 49.60 | 53.25 | NOTE | |
r-devel-linux-x86_64-debian-gcc | 0.5.1 | 4.46 | 36.86 | 41.32 | NOTE | |
r-devel-linux-x86_64-fedora-clang | 0.5.1 | 69.10 | NOTE | |||
r-devel-linux-x86_64-fedora-gcc | 0.5.1 | 89.59 | NOTE | |||
r-devel-windows-x86_64 | 0.5.1 | 6.00 | 56.00 | 62.00 | NOTE | |
r-patched-linux-x86_64 | 0.5.1 | 3.62 | 47.03 | 50.65 | NOTE | |
r-release-linux-x86_64 | 0.5.1 | 3.30 | 46.30 | 49.60 | NOTE | |
r-release-macos-arm64 | 0.5.1 | 23.00 | NOTE | |||
r-release-windows-x86_64 | 0.5.1 | 7.00 | 56.00 | 63.00 | NOTE | |
r-oldrel-macos-arm64 | 0.5.1 | 23.00 | OK | |||
r-oldrel-macos-x86_64 | 0.5.1 | 36.00 | OK | |||
r-oldrel-windows-x86_64 | 0.5.1 | 8.00 | 59.00 | 67.00 | OK |
Version: 0.5.1
Check: Rd files
Result: NOTE
checkRd: (-1) otp_create_surface.Rd:33: Lost braces; missing escapes or markup?
33 | The file will be named surface_{id}.tiff, with {id} replaced by the OTP id assigned
| ^
checkRd: (-1) otp_create_surface.Rd:33: Lost braces; missing escapes or markup?
33 | The file will be named surface_{id}.tiff, with {id} replaced by the OTP id assigned
| ^
Flavors: r-devel-linux-x86_64-debian-clang, r-devel-linux-x86_64-debian-gcc, r-devel-linux-x86_64-fedora-clang, r-devel-linux-x86_64-fedora-gcc, r-devel-windows-x86_64, r-patched-linux-x86_64, r-release-linux-x86_64, r-release-macos-arm64, r-release-windows-x86_64