Last updated on 2024-05-04 15:48:07 CEST.
Flavor | Version | Tinstall | Tcheck | Ttotal | Status | Flags |
---|---|---|---|---|---|---|
r-devel-linux-x86_64-debian-clang | 0.2.5 | 119.93 | 93.81 | 213.74 | OK | |
r-devel-linux-x86_64-debian-gcc | 0.2.5 | 102.08 | 69.01 | 171.09 | OK | |
r-devel-linux-x86_64-fedora-clang | 0.2.5 | 290.74 | NOTE | |||
r-devel-linux-x86_64-fedora-gcc | 0.2.5 | 306.89 | OK | |||
r-devel-windows-x86_64 | 0.2.5 | 92.00 | 117.00 | 209.00 | NOTE | |
r-patched-linux-x86_64 | 0.2.5 | 109.22 | 88.58 | 197.80 | OK | |
r-release-linux-x86_64 | 0.2.5 | 134.43 | 89.38 | 223.81 | OK | |
r-release-macos-arm64 | 0.2.5 | 76.00 | NOTE | |||
r-release-windows-x86_64 | 0.2.5 | 92.00 | 113.00 | 205.00 | NOTE | |
r-oldrel-macos-arm64 | 0.2.5 | 74.00 | NOTE | |||
r-oldrel-macos-x86_64 | 0.2.5 | 93.00 | NOTE | |||
r-oldrel-windows-x86_64 | 0.2.5 | 114.00 | 130.00 | 244.00 | NOTE |
Version: 0.2.5
Check: installed package size
Result: NOTE
installed size is 6.1Mb
sub-directories of 1Mb or more:
doc 5.0Mb
Flavors: r-devel-linux-x86_64-fedora-clang, r-devel-windows-x86_64, r-release-macos-arm64, r-release-windows-x86_64, r-oldrel-macos-arm64, r-oldrel-macos-x86_64, r-oldrel-windows-x86_64