CRAN Package Check Results for Package orders

Last updated on 2025-05-29 13:49:12 CEST.

Flavor Version Tinstall Tcheck Ttotal Status Flags
r-devel-linux-x86_64-debian-clang 0.1.8 3.72 37.12 40.84 NOTE
r-devel-linux-x86_64-debian-gcc 0.1.8 3.23 28.00 31.23 NOTE
r-devel-linux-x86_64-fedora-clang 0.1.8 63.40 OK
r-devel-linux-x86_64-fedora-gcc 0.1.8 60.80 OK
r-devel-windows-x86_64 0.1.8 5.00 61.00 66.00 OK
r-patched-linux-x86_64 0.1.8 4.79 35.69 40.48 OK
r-release-linux-x86_64 0.1.8 4.09 35.64 39.73 OK
r-release-macos-arm64 0.1.8 25.00 OK
r-release-macos-x86_64 0.1.8 45.00 OK
r-release-windows-x86_64 0.1.8 5.00 166.00 171.00 OK
r-oldrel-macos-arm64 0.1.8 23.00 OK
r-oldrel-macos-x86_64 0.1.8 47.00 OK
r-oldrel-windows-x86_64 0.1.8 5.00 71.00 76.00 OK

Check Details

Version: 0.1.8
Check: CRAN incoming feasibility
Result: NOTE Maintainer: ‘Carlos Alberto Cardozo Delgado <cardozorpackages@gmail.com>’ No Authors@R field in DESCRIPTION. Please add one, modifying Authors@R: person(given = c("Carlos", "Alberto", "Cardozo"), family = "Delgado", role = c("aut", "cre"), email = "cardozorpackages@gmail.com") as necessary. Flavors: r-devel-linux-x86_64-debian-clang, r-devel-linux-x86_64-debian-gcc