Last updated on 2025-07-05 20:48:29 CEST.
Flavor | Version | Tinstall | Tcheck | Ttotal | Status | Flags |
---|---|---|---|---|---|---|
r-devel-linux-x86_64-debian-clang | 4.2.8 | 99.23 | 120.99 | 220.22 | OK | |
r-devel-linux-x86_64-debian-gcc | 4.2.8 | 70.15 | 82.94 | 153.09 | OK | |
r-devel-linux-x86_64-fedora-clang | 4.2.8 | 370.97 | OK | |||
r-devel-linux-x86_64-fedora-gcc | 4.2.8 | 366.42 | OK | |||
r-devel-windows-x86_64 | 4.2.8 | 101.00 | 172.00 | 273.00 | OK | |
r-patched-linux-x86_64 | 4.2.8 | 98.48 | 112.93 | 211.41 | OK | |
r-release-linux-x86_64 | 4.2.8 | 95.13 | 111.83 | 206.96 | OK | |
r-release-macos-arm64 | 4.2.8 | 99.00 | OK | |||
r-release-macos-x86_64 | 4.2.8 | 208.00 | OK | |||
r-release-windows-x86_64 | 4.2.8 | 100.00 | 172.00 | 272.00 | OK | |
r-oldrel-macos-arm64 | 4.2.8 | 118.00 | NOTE | |||
r-oldrel-macos-x86_64 | 4.2.8 | 260.00 | NOTE | |||
r-oldrel-windows-x86_64 | 4.2.8 | 125.00 | 209.00 | 334.00 | OK |
Version: 4.2.8
Check: installed package size
Result: NOTE
installed size is 7.4Mb
sub-directories of 1Mb or more:
extdata 1.2Mb
libs 5.1Mb
Flavors: r-oldrel-macos-arm64, r-oldrel-macos-x86_64