CRAN Package Check Results for Package openblender

Last updated on 2025-07-25 22:50:50 CEST.

Flavor Version Tinstall Tcheck Ttotal Status Flags
r-devel-linux-x86_64-debian-clang 0.5.81 2.20 21.81 24.01 OK
r-devel-linux-x86_64-debian-gcc 0.5.81 1.79 17.99 19.78 OK
r-devel-linux-x86_64-fedora-clang 0.5.81 34.12 OK
r-devel-linux-x86_64-fedora-gcc 0.5.81 34.55 OK
r-devel-windows-x86_64 0.5.81 4.00 56.00 60.00 OK
r-patched-linux-x86_64 0.5.81 2.11 20.22 22.33 OK
r-release-linux-x86_64 0.5.81 2.21 20.43 22.64 OK
r-release-macos-arm64 0.5.81 18.00 OK
r-release-macos-x86_64 0.5.81 30.00 OK
r-release-windows-x86_64 0.5.81 4.00 43.00 47.00 OK
r-oldrel-macos-arm64 0.5.81 16.00 NOTE
r-oldrel-macos-x86_64 0.5.81 27.00 NOTE
r-oldrel-windows-x86_64 0.5.81 5.00 47.00 52.00 NOTE

Check Details

Version: 0.5.81
Check: LazyData
Result: NOTE 'LazyData' is specified without a 'data' directory Flavors: r-oldrel-macos-arm64, r-oldrel-macos-x86_64, r-oldrel-windows-x86_64