Last updated on 2025-07-05 20:48:28 CEST.
Flavor | Version | Tinstall | Tcheck | Ttotal | Status | Flags |
---|---|---|---|---|---|---|
r-devel-linux-x86_64-debian-clang | 0.7.0 | 4.62 | 35.53 | 40.15 | NOTE | |
r-devel-linux-x86_64-debian-gcc | 0.7.0 | 3.04 | 27.19 | 30.23 | NOTE | |
r-devel-linux-x86_64-fedora-clang | 0.7.0 | 63.86 | OK | |||
r-devel-linux-x86_64-fedora-gcc | 0.7.0 | 56.86 | OK | |||
r-devel-windows-x86_64 | 0.7.0 | 6.00 | 60.00 | 66.00 | OK | |
r-patched-linux-x86_64 | 0.7.0 | 5.59 | 31.94 | 37.53 | OK | |
r-release-linux-x86_64 | 0.7.0 | 4.22 | 31.84 | 36.06 | OK | |
r-release-macos-arm64 | 0.7.0 | 22.00 | OK | |||
r-release-macos-x86_64 | 0.7.0 | 40.00 | OK | |||
r-release-windows-x86_64 | 0.7.0 | 5.00 | 61.00 | 66.00 | OK | |
r-oldrel-macos-arm64 | 0.7.0 | 26.00 | OK | |||
r-oldrel-macos-x86_64 | 0.7.0 | 31.00 | OK | |||
r-oldrel-windows-x86_64 | 0.7.0 | 7.00 | 68.00 | 75.00 | OK |
Version: 0.7.0
Check: CRAN incoming feasibility
Result: NOTE
Maintainer: ‘Tyler Rinker <tyler.rinker@gmail.com>’
Package CITATION file contains call(s) to old-style citEntry(). Please
use bibentry() instead.
Flavors: r-devel-linux-x86_64-debian-clang, r-devel-linux-x86_64-debian-gcc