Last updated on 2025-04-29 22:50:08 CEST.
Flavor | Version | Tinstall | Tcheck | Ttotal | Status | Flags |
---|---|---|---|---|---|---|
r-devel-linux-x86_64-debian-clang | 1.0.7 | 15.20 | 263.13 | 278.33 | NOTE | |
r-devel-linux-x86_64-debian-gcc | 1.0.7 | 10.13 | 173.14 | 183.27 | OK | |
r-devel-linux-x86_64-fedora-clang | 1.0.7 | 464.83 | OK | |||
r-devel-linux-x86_64-fedora-gcc | 1.0.7 | 500.57 | OK | |||
r-devel-windows-x86_64 | 1.0.7 | 20.00 | 298.00 | 318.00 | OK | |
r-patched-linux-x86_64 | 1.0.7 | 16.92 | 245.38 | 262.30 | OK | |
r-release-linux-x86_64 | 1.0.7 | 14.20 | 249.52 | 263.72 | OK | |
r-release-macos-arm64 | 1.0.7 | 127.00 | OK | |||
r-release-macos-x86_64 | 1.0.7 | 269.00 | OK | |||
r-release-windows-x86_64 | 1.0.7 | 20.00 | 307.00 | 327.00 | OK | |
r-oldrel-macos-arm64 | 1.0.7 | 137.00 | OK | |||
r-oldrel-macos-x86_64 | 1.0.7 | 266.00 | OK | |||
r-oldrel-windows-x86_64 | 1.0.7 | 22.00 | 376.00 | 398.00 | OK |
Version: 1.0.7
Check: examples
Result: NOTE
Examples with CPU (user + system) or elapsed time > 5s
user system elapsed
groupAddAssign 6.002 0.119 8.017
countLoops 4.196 0.038 5.711
Flavor: r-devel-linux-x86_64-debian-clang