Last updated on 2024-04-30 15:49:22 CEST.
Flavor | Version | Tinstall | Tcheck | Ttotal | Status | Flags |
---|---|---|---|---|---|---|
r-devel-linux-x86_64-debian-clang | 0.5-6 | 4.88 | 95.15 | 100.03 | OK | |
r-devel-linux-x86_64-debian-gcc | 0.5-6 | 3.30 | 78.19 | 81.49 | OK | |
r-devel-linux-x86_64-fedora-clang | 0.5-6 | 130.06 | OK | |||
r-devel-linux-x86_64-fedora-gcc | 0.5-6 | 131.51 | OK | |||
r-devel-windows-x86_64 | 0.5-6 | 4.00 | 109.00 | 113.00 | OK | |
r-patched-linux-x86_64 | 0.5-6 | 4.82 | 60.83 | 65.65 | NOTE | |
r-release-linux-x86_64 | 0.5-6 | 3.35 | 102.35 | 105.70 | OK | |
r-release-macos-arm64 | 0.5-6 | 48.00 | OK | |||
r-release-windows-x86_64 | 0.5-6 | 5.00 | 106.00 | 111.00 | OK | |
r-oldrel-macos-arm64 | 0.5-6 | 62.00 | OK | |||
r-oldrel-macos-x86_64 | 0.5-6 | 137.00 | OK | |||
r-oldrel-windows-x86_64 | 0.5-6 | 5.00 | 120.00 | 125.00 | OK |
Version: 0.5-6
Check: package dependencies
Result: NOTE
Package suggested but not available for checking: ‘tidySEM’
Flavor: r-patched-linux-x86_64