Last updated on 2024-05-13 07:50:09 CEST.
Flavor | Version | Tinstall | Tcheck | Ttotal | Status | Flags |
---|---|---|---|---|---|---|
r-devel-linux-x86_64-debian-clang | 0.1.0 | 4.13 | 52.82 | 56.95 | NOTE | |
r-devel-linux-x86_64-debian-gcc | 0.1.0 | 3.18 | 39.80 | 42.98 | NOTE | |
r-devel-linux-x86_64-fedora-clang | 0.1.0 | 70.58 | NOTE | |||
r-devel-linux-x86_64-fedora-gcc | 0.1.0 | 87.27 | NOTE | |||
r-devel-windows-x86_64 | 0.1.0 | 5.00 | 68.00 | 73.00 | NOTE | |
r-patched-linux-x86_64 | 0.1.0 | 3.00 | 50.72 | 53.72 | NOTE | |
r-release-linux-x86_64 | 0.1.0 | 2.73 | 51.57 | 54.30 | NOTE | |
r-release-macos-arm64 | 0.1.0 | 28.00 | NOTE | |||
r-release-windows-x86_64 | 0.1.0 | 5.00 | 68.00 | 73.00 | NOTE | |
r-oldrel-macos-arm64 | 0.1.0 | 29.00 | NOTE | |||
r-oldrel-macos-x86_64 | 0.1.0 | 38.00 | NOTE | |||
r-oldrel-windows-x86_64 | 0.1.0 | 6.00 | 71.00 | 77.00 | NOTE |
Version: 0.1.0
Check: LazyData
Result: NOTE
'LazyData' is specified without a 'data' directory
Flavors: r-devel-linux-x86_64-debian-clang, r-devel-linux-x86_64-debian-gcc, r-devel-linux-x86_64-fedora-clang, r-devel-linux-x86_64-fedora-gcc, r-devel-windows-x86_64, r-patched-linux-x86_64, r-release-linux-x86_64, r-release-macos-arm64, r-release-windows-x86_64, r-oldrel-macos-arm64, r-oldrel-macos-x86_64, r-oldrel-windows-x86_64
Version: 0.1.0
Check: dependencies in R code
Result: NOTE
Namespaces in Imports field not imported from:
‘R6’ ‘crayon’ ‘digest’ ‘hash’
All declared Imports should be used.
Flavors: r-devel-linux-x86_64-fedora-clang, r-devel-linux-x86_64-fedora-gcc