Last updated on 2024-05-21 18:49:22 CEST.
Flavor | Version | Tinstall | Tcheck | Ttotal | Status | Flags |
---|---|---|---|---|---|---|
r-devel-linux-x86_64-debian-clang | 0.2.0 | 5.63 | 66.95 | 72.58 | NOTE | |
r-devel-linux-x86_64-debian-gcc | 0.2.0 | 5.83 | 51.01 | 56.84 | NOTE | |
r-devel-linux-x86_64-fedora-clang | 0.2.0 | 99.00 | NOTE | |||
r-devel-linux-x86_64-fedora-gcc | 0.2.0 | 108.16 | NOTE | |||
r-devel-windows-x86_64 | 0.2.0 | 7.00 | 72.00 | 79.00 | NOTE | |
r-patched-linux-x86_64 | 0.2.0 | 5.74 | 64.71 | 70.45 | NOTE | |
r-release-linux-x86_64 | 0.2.0 | 4.71 | 65.13 | 69.84 | NOTE | |
r-release-macos-arm64 | 0.2.0 | 37.00 | NOTE | |||
r-release-windows-x86_64 | 0.2.0 | 7.00 | 79.00 | 86.00 | NOTE | |
r-oldrel-macos-arm64 | 0.2.0 | 38.00 | NOTE | |||
r-oldrel-macos-x86_64 | 0.2.0 | 51.00 | NOTE | |||
r-oldrel-windows-x86_64 | 0.2.0 | 9.00 | 81.00 | 90.00 | NOTE |
Version: 0.2.0
Check: package dependencies
Result: NOTE
Package suggested but not available for checking: ‘hurricaneexposuredata’
Flavors: r-devel-linux-x86_64-debian-clang, r-devel-linux-x86_64-debian-gcc, r-devel-linux-x86_64-fedora-clang, r-devel-linux-x86_64-fedora-gcc, r-devel-windows-x86_64, r-patched-linux-x86_64, r-release-linux-x86_64, r-release-macos-arm64, r-release-windows-x86_64, r-oldrel-macos-arm64, r-oldrel-macos-x86_64, r-oldrel-windows-x86_64
Version: 0.2.0
Check: Rd files
Result: NOTE
checkRd: (-1) match_forecast_county.Rd:14: Lost braces in \itemize; meant \describe ?
checkRd: (-1) match_forecast_county.Rd:15: Lost braces in \itemize; meant \describe ?
checkRd: (-1) match_forecast_county.Rd:16: Lost braces in \itemize; meant \describe ?
checkRd: (-1) parse_damage.Rd:26: Lost braces in \itemize; meant \describe ?
checkRd: (-1) parse_damage.Rd:27: Lost braces in \itemize; meant \describe ?
checkRd: (-1) parse_damage.Rd:28: Lost braces in \itemize; meant \describe ?
checkRd: (-1) parse_damage.Rd:29: Lost braces in \itemize; meant \describe ?
Flavors: r-devel-linux-x86_64-debian-clang, r-devel-linux-x86_64-debian-gcc, r-devel-linux-x86_64-fedora-clang, r-devel-linux-x86_64-fedora-gcc, r-devel-windows-x86_64, r-patched-linux-x86_64, r-release-linux-x86_64, r-release-macos-arm64, r-release-windows-x86_64
Version: 0.2.0
Check: LazyData
Result: NOTE
'LazyData' is specified without a 'data' directory
Flavors: r-devel-linux-x86_64-debian-clang, r-devel-linux-x86_64-debian-gcc, r-devel-linux-x86_64-fedora-clang, r-devel-linux-x86_64-fedora-gcc, r-devel-windows-x86_64, r-patched-linux-x86_64, r-release-linux-x86_64, r-release-macos-arm64, r-release-windows-x86_64, r-oldrel-macos-arm64, r-oldrel-macos-x86_64, r-oldrel-windows-x86_64
Version: 0.2.0
Check: dependencies in R code
Result: NOTE
Namespaces in Imports field not imported from:
‘RColorBrewer’ ‘choroplethr’ ‘choroplethrMaps’ ‘data.table’ ‘forcats’
‘hurricaneexposure’ ‘plyr’
All declared Imports should be used.
Flavors: r-devel-linux-x86_64-fedora-clang, r-devel-linux-x86_64-fedora-gcc