Last updated on 2025-07-04 07:49:34 CEST.
Flavor | Version | Tinstall | Tcheck | Ttotal | Status | Flags |
---|---|---|---|---|---|---|
r-devel-linux-x86_64-debian-clang | 7.3-20 | 3.78 | 22.38 | 26.16 | NOTE | |
r-devel-linux-x86_64-debian-gcc | 7.3-20 | 2.71 | 18.05 | 20.76 | NOTE | |
r-devel-linux-x86_64-fedora-clang | 7.3-20 | 41.36 | OK | |||
r-devel-linux-x86_64-fedora-gcc | 7.3-20 | 39.46 | OK | |||
r-devel-windows-x86_64 | 7.3-20 | 7.00 | 44.00 | 51.00 | OK | |
r-patched-linux-x86_64 | 7.3-20 | 3.54 | 20.90 | 24.44 | OK | |
r-release-linux-x86_64 | 7.3-20 | 3.26 | 21.14 | 24.40 | OK | |
r-release-macos-arm64 | 7.3-20 | 17.00 | OK | |||
r-release-macos-x86_64 | 7.3-20 | 37.00 | OK | |||
r-release-windows-x86_64 | 7.3-20 | 10.00 | 47.00 | 57.00 | OK | |
r-oldrel-macos-arm64 | 7.3-20 | 23.00 | OK | |||
r-oldrel-macos-x86_64 | 7.3-20 | 63.00 | OK | |||
r-oldrel-windows-x86_64 | 7.3-20 | 9.00 | 49.00 | 58.00 | OK |
Version: 7.3-20
Check: CRAN incoming feasibility
Result: NOTE
Maintainer: ‘Brian Ripley <Brian.Ripley@R-project.org>’
Package CITATION file contains call(s) to old-style personList() or
as.personList(). Please use c() on person objects instead.
Package CITATION file contains call(s) to old-style citEntry(). Please
use bibentry() instead.
Flavors: r-devel-linux-x86_64-debian-clang, r-devel-linux-x86_64-debian-gcc