CRAN Package Check Results for Package nnGarrote

Last updated on 2025-07-03 05:50:36 CEST.

Flavor Version Tinstall Tcheck Ttotal Status Flags
r-devel-linux-x86_64-debian-clang 1.0.4 1.46 32.09 33.55 NOTE
r-devel-linux-x86_64-debian-gcc 1.0.4 1.69 25.74 27.43 NOTE
r-devel-linux-x86_64-fedora-clang 1.0.4 52.07 OK
r-devel-linux-x86_64-fedora-gcc 1.0.4 51.76 OK
r-devel-windows-x86_64 1.0.4 3.00 52.00 55.00 OK
r-patched-linux-x86_64 1.0.4 2.17 29.96 32.13 OK
r-release-linux-x86_64 1.0.4 1.56 30.12 31.68 OK
r-release-macos-arm64 1.0.4 23.00 OK
r-release-macos-x86_64 1.0.4 39.00 OK
r-release-windows-x86_64 1.0.4 4.00 53.00 57.00 OK
r-oldrel-macos-arm64 1.0.4 22.00 OK
r-oldrel-macos-x86_64 1.0.4 30.00 OK
r-oldrel-windows-x86_64 1.0.4 4.00 61.00 65.00 OK

Check Details

Version: 1.0.4
Check: CRAN incoming feasibility
Result: NOTE Maintainer: ‘Anthony Christidis <anthony.christidis@stat.ubc.ca>’ No Authors@R field in DESCRIPTION. Please add one, modifying Authors@R: c(person(given = "Anthony", family = "Christidis", role = c("aut", "cre"), email = "anthony.christidis@stat.ubc.ca"), person(given = "Stefan", family = "Van Aelst", role = "aut", email = "stefan.vanaelst@kuleuven.be"), person(given = "Ruben", family = "Zamar", role = "aut", email = "ruben@stat.ubc.ca")) as necessary. Flavors: r-devel-linux-x86_64-debian-clang, r-devel-linux-x86_64-debian-gcc