Last updated on 2025-05-25 11:49:55 CEST.
Flavor | Version | Tinstall | Tcheck | Ttotal | Status | Flags |
---|---|---|---|---|---|---|
r-devel-linux-x86_64-debian-clang | 0.2.3 | 14.65 | 75.91 | 90.56 | OK | |
r-devel-linux-x86_64-debian-gcc | 0.2.3 | 9.83 | 61.54 | 71.37 | OK | |
r-devel-linux-x86_64-fedora-clang | 0.2.3 | 137.57 | NOTE | |||
r-devel-linux-x86_64-fedora-gcc | 0.2.3 | 133.89 | NOTE | |||
r-devel-windows-x86_64 | 0.2.3 | 16.00 | 96.00 | 112.00 | OK | |
r-patched-linux-x86_64 | 0.2.3 | 10.92 | 73.65 | 84.57 | OK | |
r-release-linux-x86_64 | 0.2.3 | 13.29 | 74.83 | 88.12 | OK | |
r-release-macos-arm64 | 0.2.3 | 45.00 | OK | |||
r-release-macos-x86_64 | 0.2.3 | 78.00 | OK | |||
r-release-windows-x86_64 | 0.2.3 | 15.00 | 95.00 | 110.00 | OK | |
r-oldrel-macos-arm64 | 0.2.3 | 44.00 | OK | |||
r-oldrel-macos-x86_64 | 0.2.3 | 90.00 | OK | |||
r-oldrel-windows-x86_64 | 0.2.3 | 19.00 | 109.00 | 128.00 | OK |
Version: 0.2.3
Check: dependencies in R code
Result: NOTE
Namespace in Imports field not imported from: ‘methods’
All declared Imports should be used.
Flavors: r-devel-linux-x86_64-fedora-clang, r-devel-linux-x86_64-fedora-gcc