CRAN Package Check Results for Package nflplotR

Last updated on 2025-11-15 12:49:42 CET.

Flavor Version Tinstall Tcheck Ttotal Status Flags
r-devel-linux-x86_64-debian-clang 1.5.0 9.49 71.84 81.33 NOTE
r-devel-linux-x86_64-debian-gcc 1.5.0 6.32 51.69 58.01 NOTE
r-devel-linux-x86_64-fedora-clang 1.5.0 20.00 101.58 121.58 NOTE
r-devel-linux-x86_64-fedora-gcc 1.6.0 41.00 87.38 128.38 OK
r-devel-windows-x86_64 1.5.0 15.00 83.00 98.00 NOTE
r-patched-linux-x86_64 1.5.0 8.17 66.54 74.71 OK
r-release-linux-x86_64 1.5.0 8.70 65.78 74.48 OK
r-release-macos-arm64 1.5.0 5.00 35.00 40.00 OK
r-release-macos-x86_64 1.6.0 9.00 66.00 75.00 OK
r-release-windows-x86_64 1.5.0 12.00 82.00 94.00 OK
r-oldrel-macos-arm64 1.5.0 5.00 40.00 45.00 OK
r-oldrel-macos-x86_64 1.6.0 9.00 78.00 87.00 OK
r-oldrel-windows-x86_64 1.5.0 14.00 101.00 115.00 OK

Check Details

Version: 1.5.0
Check: Rd files
Result: NOTE checkRd: (-1) gt_nfl_cols_label.Rd:38: height/width attributes should be in pixels checkRd: (-1) gt_nfl_headshots.Rd:34: height/width attributes should be in pixels checkRd: (-1) gt_nfl_logos.Rd:37: height/width attributes should be in pixels Flavors: r-devel-linux-x86_64-debian-clang, r-devel-linux-x86_64-debian-gcc, r-devel-linux-x86_64-fedora-clang, r-devel-windows-x86_64