Last updated on 2024-05-09 23:07:28 CEST.
Flavor | Version | Tinstall | Tcheck | Ttotal | Status | Flags |
---|---|---|---|---|---|---|
r-devel-linux-x86_64-debian-clang | 0.1.2 | 3.47 | 43.80 | 47.27 | NOTE | |
r-devel-linux-x86_64-debian-gcc | 0.1.2 | 2.55 | 33.41 | 35.96 | NOTE | |
r-devel-linux-x86_64-fedora-clang | 0.1.2 | 58.93 | NOTE | |||
r-devel-linux-x86_64-fedora-gcc | 0.1.2 | 91.02 | NOTE | |||
r-devel-windows-x86_64 | 0.1.2 | 5.00 | 52.00 | 57.00 | NOTE | |
r-patched-linux-x86_64 | 0.1.2 | 2.44 | 41.12 | 43.56 | NOTE | |
r-release-linux-x86_64 | 0.1.2 | 3.23 | 41.74 | 44.97 | NOTE | |
r-release-macos-arm64 | 0.1.2 | 27.00 | NOTE | |||
r-release-windows-x86_64 | 0.1.2 | 4.00 | 53.00 | 57.00 | NOTE | |
r-oldrel-macos-arm64 | 0.1.2 | 31.00 | OK | |||
r-oldrel-macos-x86_64 | 0.1.2 | 49.00 | OK | |||
r-oldrel-windows-x86_64 | 0.1.2 | 5.00 | 53.00 | 58.00 | OK |
Version: 0.1.2
Check: Rd files
Result: NOTE
checkRd: (-1) color_palette.Rd:16: Lost braces in \itemize; meant \describe ?
checkRd: (-1) color_palette.Rd:17: Lost braces in \itemize; meant \describe ?
checkRd: (-1) color_palette.Rd:18: Lost braces in \itemize; meant \describe ?
checkRd: (-1) color_palette.Rd:19: Lost braces in \itemize; meant \describe ?
checkRd: (-1) color_palette.Rd:26: Lost braces in \itemize; meant \describe ?
checkRd: (-1) color_palette.Rd:27: Lost braces in \itemize; meant \describe ?
checkRd: (-1) color_palette.Rd:28: Lost braces in \itemize; meant \describe ?
checkRd: (-1) color_palette.Rd:29: Lost braces in \itemize; meant \describe ?
Flavors: r-devel-linux-x86_64-debian-clang, r-devel-linux-x86_64-debian-gcc, r-devel-linux-x86_64-fedora-clang, r-devel-linux-x86_64-fedora-gcc, r-devel-windows-x86_64, r-patched-linux-x86_64, r-release-linux-x86_64, r-release-macos-arm64, r-release-windows-x86_64