Last updated on 2024-04-23 20:52:11 CEST.
Flavor | Version | Tinstall | Tcheck | Ttotal | Status | Flags |
---|---|---|---|---|---|---|
r-devel-linux-x86_64-debian-clang | 4.2.1 | 105.28 | 192.77 | 298.05 | NOTE | |
r-devel-linux-x86_64-debian-gcc | 4.2.1 | 78.25 | 137.11 | 215.36 | NOTE | |
r-devel-linux-x86_64-fedora-clang | 4.2.1 | 405.44 | NOTE | |||
r-devel-linux-x86_64-fedora-gcc | 4.2.1 | 378.06 | NOTE | |||
r-prerel-macos-arm64 | 4.2.1 | 76.00 | NOTE | |||
r-prerel-windows-x86_64 | 4.2.1 | 81.00 | 198.00 | 279.00 | NOTE | |
r-patched-linux-x86_64 | 4.2.1 | 96.44 | 189.24 | 285.68 | NOTE | |
r-release-linux-x86_64 | 4.2.1 | 95.72 | 191.74 | 287.46 | NOTE | |
r-release-macos-arm64 | 4.2.1 | 94.00 | NOTE | |||
r-release-macos-x86_64 | 4.2.1 | 174.00 | NOTE | |||
r-release-windows-x86_64 | 4.2.1 | 76.00 | 221.00 | 297.00 | NOTE | |
r-oldrel-macos-arm64 | 4.2.1 | 86.00 | NOTE | |||
r-oldrel-windows-x86_64 | 4.2.1 | 104.00 | 213.00 | 317.00 | OK |
Version: 4.2.1
Check: C++ specification
Result: NOTE
Specified C++11: please drop specification unless essential
Flavors: r-devel-linux-x86_64-debian-clang, r-devel-linux-x86_64-debian-gcc, r-devel-linux-x86_64-fedora-clang, r-devel-linux-x86_64-fedora-gcc, r-prerel-macos-arm64, r-prerel-windows-x86_64, r-patched-linux-x86_64, r-release-linux-x86_64, r-release-macos-arm64, r-release-macos-x86_64, r-release-windows-x86_64
Version: 4.2.1
Check: Rd files
Result: NOTE
checkRd: (-1) cv.glm1path.Rd:74: Lost braces
74 | \code{\link{glm1path}}, \\code{\link{glm1}}, \code{\link{glm}}, \code{\link{family}}
| ^
Flavors: r-devel-linux-x86_64-debian-clang, r-devel-linux-x86_64-debian-gcc, r-devel-linux-x86_64-fedora-clang, r-devel-linux-x86_64-fedora-gcc, r-prerel-macos-arm64, r-prerel-windows-x86_64, r-patched-linux-x86_64
Version: 4.2.1
Check: installed package size
Result: NOTE
installed size is 6.4Mb
sub-directories of 1Mb or more:
libs 5.3Mb
Flavors: r-prerel-macos-arm64, r-release-macos-arm64, r-release-macos-x86_64, r-oldrel-macos-arm64