Last updated on 2025-07-04 12:49:06 CEST.
Flavor | Version | Tinstall | Tcheck | Ttotal | Status | Flags |
---|---|---|---|---|---|---|
r-devel-linux-x86_64-debian-clang | 2.1.1 | 12.49 | 91.45 | 103.94 | NOTE | |
r-devel-linux-x86_64-debian-gcc | 2.1.1 | 8.50 | 62.63 | 71.13 | NOTE | |
r-devel-linux-x86_64-fedora-clang | 2.1.1 | 160.29 | OK | |||
r-devel-linux-x86_64-fedora-gcc | 2.1.1 | 165.76 | OK | |||
r-devel-windows-x86_64 | 2.1.1 | 15.00 | 104.00 | 119.00 | OK | |
r-patched-linux-x86_64 | 2.1.1 | 11.67 | 85.92 | 97.59 | OK | |
r-release-linux-x86_64 | 2.1.1 | 13.06 | 83.97 | 97.03 | OK | |
r-release-macos-arm64 | 2.1.1 | 89.00 | OK | |||
r-release-macos-x86_64 | 2.1.1 | 88.00 | OK | |||
r-release-windows-x86_64 | 2.1.1 | 14.00 | 104.00 | 118.00 | OK | |
r-oldrel-macos-arm64 | 2.1.1 | 49.00 | OK | |||
r-oldrel-macos-x86_64 | 2.1.1 | 72.00 | OK | |||
r-oldrel-windows-x86_64 | 2.1.1 | 18.00 | 128.00 | 146.00 | OK |
Version: 2.1.1
Check: CRAN incoming feasibility
Result: NOTE
Maintainer: ‘Damiano Fantini <damiano.fantini@gmail.com>’
No Authors@R field in DESCRIPTION.
Please add one, modifying
Authors@R: c(person(given = "Damiano",
family = "Fantini",
role = c("aut", "cre"),
email = "damiano.fantini@gmail.com"),
person(given = "Vania",
family = "Vidimar",
role = "aut"),
person(given = c("Joshua", "J"),
family = "Meeks",
role = "aut"))
as necessary.
Flavors: r-devel-linux-x86_64-debian-clang, r-devel-linux-x86_64-debian-gcc