Last updated on 2025-10-31 22:50:04 CET.
| Flavor | Version | Tinstall | Tcheck | Ttotal | Status | Flags | 
|---|---|---|---|---|---|---|
| r-devel-linux-x86_64-debian-clang | 0.1.5 | 7.16 | 181.84 | 189.00 | OK | |
| r-devel-linux-x86_64-debian-gcc | 0.1.5 | 5.31 | 122.46 | 127.77 | OK | |
| r-devel-linux-x86_64-fedora-clang | 0.1.5 | 16.00 | 274.82 | 290.82 | OK | |
| r-devel-linux-x86_64-fedora-gcc | 0.1.5 | 15.00 | 282.87 | 297.87 | OK | |
| r-devel-windows-x86_64 | 0.1.5 | 9.00 | 176.00 | 185.00 | OK | |
| r-patched-linux-x86_64 | 0.1.5 | 7.49 | 172.53 | 180.02 | OK | |
| r-release-linux-x86_64 | 0.1.5 | 7.06 | 171.07 | 178.13 | OK | |
| r-release-macos-arm64 | 0.1.5 | 3.00 | 87.00 | 90.00 | OK | |
| r-release-macos-x86_64 | 0.1.5 | 6.00 | 211.00 | 217.00 | OK | |
| r-release-windows-x86_64 | 0.1.5 | 9.00 | 174.00 | 183.00 | OK | |
| r-oldrel-macos-arm64 | 0.1.5 | 3.00 | 89.00 | 92.00 | NOTE | |
| r-oldrel-macos-x86_64 | 0.1.5 | 6.00 | 209.00 | 215.00 | NOTE | |
| r-oldrel-windows-x86_64 | 0.1.5 | 13.00 | 238.00 | 251.00 | NOTE | 
Version: 0.1.5
Check: installed package size
Result: NOTE
    installed size is  5.1Mb
    sub-directories of 1Mb or more:
      doc   4.3Mb
Flavors: r-oldrel-macos-arm64, r-oldrel-macos-x86_64, r-oldrel-windows-x86_64