CRAN Package Check Results for Package muRL

Last updated on 2025-05-27 22:52:20 CEST.

Flavor Version Tinstall Tcheck Ttotal Status Flags
r-devel-linux-x86_64-debian-clang 0.1-13 3.46 30.36 33.82 NOTE
r-devel-linux-x86_64-debian-gcc 0.1-13 2.31 23.67 25.98 NOTE
r-devel-linux-x86_64-fedora-clang 0.1-13 51.65 OK
r-devel-linux-x86_64-fedora-gcc 0.1-13 50.24 OK
r-devel-windows-x86_64 0.1-13 6.00 50.00 56.00 OK
r-patched-linux-x86_64 0.1-13 3.56 28.64 32.20 OK
r-release-linux-x86_64 0.1-13 3.30 28.88 32.18 OK
r-release-macos-arm64 0.1-13 24.00 OK
r-release-macos-x86_64 0.1-13 35.00 OK
r-release-windows-x86_64 0.1-13 5.00 58.00 63.00 OK
r-oldrel-macos-arm64 0.1-13 21.00 OK
r-oldrel-macos-x86_64 0.1-13 29.00 OK
r-oldrel-windows-x86_64 0.1-13 6.00 59.00 65.00 OK

Check Details

Version: 0.1-13
Check: CRAN incoming feasibility
Result: NOTE Maintainer: ‘Ryan T. Moore <rtm@american.edu>’ No Authors@R field in DESCRIPTION. Please add one, modifying Authors@R: c(person(given = c("Ryan", "T."), family = "Moore", role = c("aut", "cre"), email = "rtm@american.edu"), person(given = "Andrew", family = "Reeves", role = "aut", email = "reeves@wustl.edu")) as necessary. Flavors: r-devel-linux-x86_64-debian-clang, r-devel-linux-x86_64-debian-gcc