Last updated on 2024-05-13 09:50:51 CEST.
Flavor | Version | Tinstall | Tcheck | Ttotal | Status | Flags |
---|---|---|---|---|---|---|
r-devel-linux-x86_64-debian-clang | 0.5.3 | 2.64 | 55.72 | 58.36 | NOTE | |
r-devel-linux-x86_64-debian-gcc | 0.5.3 | 2.76 | 42.22 | 44.98 | NOTE | |
r-devel-linux-x86_64-fedora-clang | 0.5.3 | 73.94 | NOTE | |||
r-devel-linux-x86_64-fedora-gcc | 0.5.3 | 78.31 | NOTE | |||
r-devel-windows-x86_64 | 0.5.3 | 4.00 | 80.00 | 84.00 | NOTE | |
r-patched-linux-x86_64 | 0.5.3 | 3.39 | 55.92 | 59.31 | NOTE | |
r-release-linux-x86_64 | 0.5.3 | 2.70 | 55.42 | 58.12 | NOTE | |
r-release-macos-arm64 | 0.5.3 | 27.00 | NOTE | |||
r-release-windows-x86_64 | 0.5.3 | 5.00 | 78.00 | 83.00 | NOTE | |
r-oldrel-macos-arm64 | 0.5.3 | 31.00 | NOTE | |||
r-oldrel-macos-x86_64 | 0.5.3 | 43.00 | NOTE | |||
r-oldrel-windows-x86_64 | 0.5.3 | 5.00 | 80.00 | 85.00 | NOTE |
Version: 0.5.3
Check: Rd files
Result: NOTE
checkRd: (-1) ml_g.Rd:47: Escaped LaTeX specials: \&
Flavors: r-devel-linux-x86_64-debian-clang, r-devel-linux-x86_64-debian-gcc, r-devel-linux-x86_64-fedora-clang, r-devel-linux-x86_64-fedora-gcc, r-devel-windows-x86_64, r-patched-linux-x86_64, r-release-linux-x86_64, r-release-macos-arm64, r-release-windows-x86_64, r-oldrel-macos-arm64, r-oldrel-macos-x86_64, r-oldrel-windows-x86_64