Last updated on 2024-03-29 01:51:11 CET.
Flavor | Version | Tinstall | Tcheck | Ttotal | Status | Flags |
---|---|---|---|---|---|---|
r-devel-linux-x86_64-debian-clang | 1.7.1 | 28.74 | 282.23 | 310.97 | NOTE | |
r-devel-linux-x86_64-debian-gcc | 1.7.1 | 19.67 | 205.00 | 224.67 | NOTE | |
r-devel-linux-x86_64-fedora-clang | 1.7.1 | 426.03 | NOTE | |||
r-devel-linux-x86_64-fedora-gcc | 1.7.1 | 401.75 | NOTE | |||
r-devel-windows-x86_64 | 1.7.1 | 25.00 | 241.00 | 266.00 | NOTE | |
r-patched-linux-x86_64 | 1.7.1 | 31.92 | 273.32 | 305.24 | NOTE | |
r-release-linux-x86_64 | 1.7.1 | 22.26 | 248.35 | 270.61 | OK | |
r-release-macos-arm64 | 1.7.1 | 121.00 | OK | |||
r-release-macos-x86_64 | 1.7.1 | 320.00 | OK | |||
r-release-windows-x86_64 | 1.7.1 | 32.00 | 297.00 | 329.00 | OK | |
r-oldrel-macos-arm64 | 1.7.1 | 110.00 | NOTE | |||
r-oldrel-windows-x86_64 | 1.7.1 | 33.00 | 274.00 | 307.00 | NOTE |
Version: 1.7.1
Check: HTML version of manual
Result: NOTE
Found the following HTML validation problems:
tnorm.html:113:32 (tnorm.Rd:74): Warning: trimming empty <code>
Flavors: r-devel-linux-x86_64-debian-clang, r-devel-linux-x86_64-debian-gcc, r-devel-linux-x86_64-fedora-clang, r-devel-linux-x86_64-fedora-gcc, r-devel-windows-x86_64, r-patched-linux-x86_64
Version: 1.7.1
Check: S3 generic/method consistency
Result: NOTE
Found the following apparent S3 methods exported but not registered:
plot.prevalence.msm plot.survfit.msm
See section ‘Registering S3 methods’ in the ‘Writing R Extensions’
manual.
Flavors: r-oldrel-macos-arm64, r-oldrel-windows-x86_64